{"id":298,"date":"2024-10-31T12:23:14","date_gmt":"2024-10-31T11:23:14","guid":{"rendered":"https:\/\/segalesgroup.com\/?page_id=298"},"modified":"2024-10-31T12:40:49","modified_gmt":"2024-10-31T11:40:49","slug":"registro","status":"publish","type":"page","link":"https:\/\/labs.100x100.net\/projects\/segales\/registro\/","title":{"rendered":"Registro"},"content":{"rendered":"\n                             <p>Registro v\u00e1lido para visualizar \u00fanicamente la categor\u00eda seleccionada<\/p>\n              \n\n                <form method=\"post\" action=\"https:\/\/labs.100x100.net\/projects\/segales\/private\/wp-admin\/admin-post.php\">\n                <input type=\"hidden\" name=\"action\" value=\"custom_registration_form\">\n                <input type=\"hidden\" id=\"custom_registration_nonce\" name=\"custom_registration_nonce\" value=\"03eadc4171\" \/><input type=\"hidden\" name=\"_wp_http_referer\" value=\"\/projects\/segales\/wp-json\/wp\/v2\/pages\/298\" \/>\n                <input type=\"hidden\" name=\"confirmation_url\" value=\"https:\/\/labs.100x100.net\/projects\/segales\/historia\/historia1\/\">\n\n                <input type=\"text\" name=\"name\" required placeholder=\"Nombre*\">\n                <input type=\"text\" name=\"surname\" required placeholder=\"Apellidos*\">\n\n                <input type=\"email\" name=\"email\" required placeholder=\"Correo electr\u00f3nico*\">\n                <input type=\"text\" name=\"phone\" placeholder=\"Tel\u00e9fono\">\n\n                <input type=\"text\" name=\"company\" placeholder=\"Empresa (recomendable para personalizar oferta)\">\n\n                <input type=\"text\" name=\"country\" required placeholder=\"Pa\u00eds*\">\n\n                <input type=\"text\" name=\"activity_zone\" placeholder=\"Zona actividad\">\n\n                                    <select name=\"cat_id\" id=\"cat_id\" class=\"input\">\n                        <option value=\"0\">Selecciona una categor\u00eda<\/option>\n                                                    <option value=\"25\">Tratamientos<\/option>\n                                                    <option value=\"24\">Industria<\/option>\n                                                    <option value=\"11\">Producci\u00f3n ganadera<\/option>\n                                                    <option value=\"12\">Biog\u00e1s<\/option>\n                                            <\/select>\n                \n                <select name=\"activity_type_11\" id=\"activity_type_11\" class=\"input hidden\">\n                    <option value=\"0\">Tipo de actividad<\/option>\n                    <option value=\"Distribuidor vacas\">Distribuidor vacas<\/option>\n                    <option value=\"Distribuidor cerdos\">Distribuidor cerdos<\/option>\n                    <option value=\"Granjero\/Empresario ganadero vacas\">Granjero\/Empresario ganadero vacas<\/option>\n                    <option value=\"Granjero\/Empresario ganadero cerdos\">Granjero\/Empresario ganadero cerdos<\/option>\n                    <option value=\"Veterinario\">Veterinario<\/option>\n                    <option value=\"Ingeniero agr\u00f3nomo\">Ingeniero agr\u00f3nomo<\/option>\n                    <option value=\"Bi\u00f3logo\">Bi\u00f3logo<\/option>\n                    <option value=\"Responsable de medio ambiente\">Responsable de medio ambiente<\/option>\n                    <option value=\"Instituto tecnol\u00f3gico\">Instituto tecnol\u00f3gico<\/option>\n                    <option value=\"Universidad (profesor\/a)\">Universidad (profesor\/a)<\/option>\n                    <option value=\"Estudiante\">Estudiante<\/option>\n                    <option value=\"Otros\">Otros<\/option>\n                <\/select>\n\n                <select name=\"activity_type_12\" id=\"activity_type_12\" class=\"input hidden\">\n                    <option value=\"0\">Tipo de actividad<\/option>\n                    <option value=\"Ingenier\u00eda biog\u00e1s\">Ingenier\u00eda biog\u00e1s<\/option>\n                    <option value=\"Veterinario\">Veterinario<\/option>\n                    <option value=\"Ingeniero agr\u00f3nomo\">Ingeniero agr\u00f3nomo<\/option>\n                    <option value=\"Bi\u00f3logo\">Bi\u00f3logo<\/option>\n                    <option value=\"Responsable de medio ambiente\">Responsable de medio ambiente<\/option>\n                    <option value=\"Instituto tecnol\u00f3gico\">Instituto tecnol\u00f3gico<\/option>\n                    <option value=\"Universidad (profesor\/a)\">Universidad (profesor\/a)<\/option>\n                    <option value=\"Estudiante\">Estudiante<\/option>\n                    <option value=\"Otros\">Otros<\/option>\n                <\/select>\n\n                <input type=\"password\" name=\"password\" required placeholder=\"Contrase\u00f1a*\">\n                <input type=\"password\" name=\"repeat_password\" required placeholder=\"Repite contrase\u00f1a*\">\n\n                <div style=\"margin:20px 0 40px\">\n                    <div class=\"hundreds-form__checkbox\">\n                        <input class=\"hundreds-form__checkbox--input\" type=\"checkbox\" name=\"privacy_policy\" id=\"privacy_policy\" value=\"yes\">\n                        <label for=\"privacy_policy\" id=\"privacy_policy-policy-label\" class=\"hundreds-form__checkbox-label\">Acepto la <a href=\"https:\/\/labs.100x100.net\/projects\/segales\/politica-privacidad\/\" target=\"_blank\">pol\u00edtica de privacidad<\/a><\/label>\n                    <\/div>\n                <\/div>\n\n                <input type=\"submit\" name=\"submit\" value=\"Registrarse\">\n            <\/form>\n            \n","protected":false},"excerpt":{"rendered":"","protected":false},"author":1,"featured_media":0,"parent":0,"menu_order":0,"comment_status":"closed","ping_status":"closed","template":"","meta":{"_acf_changed":false,"footnotes":""},"class_list":["post-298","page","type-page","status-publish","hentry"],"acf":[],"yoast_head":"<!-- This site is optimized with the Yoast SEO plugin v23.8 - https:\/\/yoast.com\/wordpress\/plugins\/seo\/ -->\n<title>Registro - Segal\u00e9s<\/title>\n<meta name=\"robots\" content=\"noindex, nofollow\" \/>\n<meta property=\"og:locale\" content=\"es_ES\" \/>\n<meta property=\"og:type\" content=\"article\" \/>\n<meta property=\"og:title\" content=\"Registro - Segal\u00e9s\" \/>\n<meta property=\"og:url\" content=\"https:\/\/labs.100x100.net\/projects\/segales\/registro\/\" \/>\n<meta property=\"og:site_name\" content=\"Segal\u00e9s\" \/>\n<meta property=\"article:modified_time\" content=\"2024-10-31T11:40:49+00:00\" \/>\n<meta name=\"twitter:card\" content=\"summary_large_image\" \/>\n<meta name=\"twitter:label1\" content=\"Tiempo de lectura\" \/>\n\t<meta name=\"twitter:data1\" content=\"1 minuto\" \/>\n<script type=\"application\/ld+json\" class=\"yoast-schema-graph\">{\"@context\":\"https:\/\/schema.org\",\"@graph\":[{\"@type\":\"WebPage\",\"@id\":\"https:\/\/labs.100x100.net\/projects\/segales\/registro\/\",\"url\":\"https:\/\/labs.100x100.net\/projects\/segales\/registro\/\",\"name\":\"Registro - Segal\u00e9s\",\"isPartOf\":{\"@id\":\"https:\/\/labs.100x100.net\/projects\/segales\/#website\"},\"datePublished\":\"2024-10-31T11:23:14+00:00\",\"dateModified\":\"2024-10-31T11:40:49+00:00\",\"breadcrumb\":{\"@id\":\"https:\/\/labs.100x100.net\/projects\/segales\/registro\/#breadcrumb\"},\"inLanguage\":\"es\",\"potentialAction\":[{\"@type\":\"ReadAction\",\"target\":[\"https:\/\/labs.100x100.net\/projects\/segales\/registro\/\"]}]},{\"@type\":\"BreadcrumbList\",\"@id\":\"https:\/\/labs.100x100.net\/projects\/segales\/registro\/#breadcrumb\",\"itemListElement\":[{\"@type\":\"ListItem\",\"position\":1,\"name\":\"Portada\",\"item\":\"https:\/\/labs.100x100.net\/projects\/segales\/\"},{\"@type\":\"ListItem\",\"position\":2,\"name\":\"Registro\"}]},{\"@type\":\"WebSite\",\"@id\":\"https:\/\/labs.100x100.net\/projects\/segales\/#website\",\"url\":\"https:\/\/labs.100x100.net\/projects\/segales\/\",\"name\":\"Segal\u00e9s\",\"description\":\"Maquinaria producci\u00f3n ganadera, biog\u00e1s, industria y tratamientos purines y vacunos\",\"potentialAction\":[{\"@type\":\"SearchAction\",\"target\":{\"@type\":\"EntryPoint\",\"urlTemplate\":\"https:\/\/labs.100x100.net\/projects\/segales\/?s={search_term_string}\"},\"query-input\":{\"@type\":\"PropertyValueSpecification\",\"valueRequired\":true,\"valueName\":\"search_term_string\"}}],\"inLanguage\":\"es\"}]}<\/script>\n<!-- \/ Yoast SEO plugin. -->","yoast_head_json":{"title":"Registro - Segal\u00e9s","robots":{"index":"noindex","follow":"nofollow"},"og_locale":"es_ES","og_type":"article","og_title":"Registro - Segal\u00e9s","og_url":"https:\/\/labs.100x100.net\/projects\/segales\/registro\/","og_site_name":"Segal\u00e9s","article_modified_time":"2024-10-31T11:40:49+00:00","twitter_card":"summary_large_image","twitter_misc":{"Tiempo de lectura":"1 minuto"},"schema":{"@context":"https:\/\/schema.org","@graph":[{"@type":"WebPage","@id":"https:\/\/labs.100x100.net\/projects\/segales\/registro\/","url":"https:\/\/labs.100x100.net\/projects\/segales\/registro\/","name":"Registro - Segal\u00e9s","isPartOf":{"@id":"https:\/\/labs.100x100.net\/projects\/segales\/#website"},"datePublished":"2024-10-31T11:23:14+00:00","dateModified":"2024-10-31T11:40:49+00:00","breadcrumb":{"@id":"https:\/\/labs.100x100.net\/projects\/segales\/registro\/#breadcrumb"},"inLanguage":"es","potentialAction":[{"@type":"ReadAction","target":["https:\/\/labs.100x100.net\/projects\/segales\/registro\/"]}]},{"@type":"BreadcrumbList","@id":"https:\/\/labs.100x100.net\/projects\/segales\/registro\/#breadcrumb","itemListElement":[{"@type":"ListItem","position":1,"name":"Portada","item":"https:\/\/labs.100x100.net\/projects\/segales\/"},{"@type":"ListItem","position":2,"name":"Registro"}]},{"@type":"WebSite","@id":"https:\/\/labs.100x100.net\/projects\/segales\/#website","url":"https:\/\/labs.100x100.net\/projects\/segales\/","name":"Segal\u00e9s","description":"Maquinaria producci\u00f3n ganadera, biog\u00e1s, industria y tratamientos purines y vacunos","potentialAction":[{"@type":"SearchAction","target":{"@type":"EntryPoint","urlTemplate":"https:\/\/labs.100x100.net\/projects\/segales\/?s={search_term_string}"},"query-input":{"@type":"PropertyValueSpecification","valueRequired":true,"valueName":"search_term_string"}}],"inLanguage":"es"}]}},"_links":{"self":[{"href":"https:\/\/labs.100x100.net\/projects\/segales\/wp-json\/wp\/v2\/pages\/298"}],"collection":[{"href":"https:\/\/labs.100x100.net\/projects\/segales\/wp-json\/wp\/v2\/pages"}],"about":[{"href":"https:\/\/labs.100x100.net\/projects\/segales\/wp-json\/wp\/v2\/types\/page"}],"author":[{"embeddable":true,"href":"https:\/\/labs.100x100.net\/projects\/segales\/wp-json\/wp\/v2\/users\/1"}],"replies":[{"embeddable":true,"href":"https:\/\/labs.100x100.net\/projects\/segales\/wp-json\/wp\/v2\/comments?post=298"}],"version-history":[{"count":2,"href":"https:\/\/labs.100x100.net\/projects\/segales\/wp-json\/wp\/v2\/pages\/298\/revisions"}],"predecessor-version":[{"id":308,"href":"https:\/\/labs.100x100.net\/projects\/segales\/wp-json\/wp\/v2\/pages\/298\/revisions\/308"}],"wp:attachment":[{"href":"https:\/\/labs.100x100.net\/projects\/segales\/wp-json\/wp\/v2\/media?parent=298"}],"curies":[{"name":"wp","href":"https:\/\/api.w.org\/{rel}","templated":true}]}}