{"id":20,"date":"2024-10-16T15:27:15","date_gmt":"2024-10-16T13:27:15","guid":{"rendered":"https:\/\/labs.100x100.net\/projects\/segales\/?page_id=20"},"modified":"2024-10-29T15:48:50","modified_gmt":"2024-10-29T14:48:50","slug":"unete-al-equipo","status":"publish","type":"page","link":"https:\/\/labs.100x100.net\/projects\/segales\/unete-al-equipo\/","title":{"rendered":"\u00danete al equipo"},"content":{"rendered":"","protected":false},"excerpt":{"rendered":"","protected":false},"author":1,"featured_media":0,"parent":0,"menu_order":0,"comment_status":"closed","ping_status":"closed","template":"page-unete.php","meta":{"_acf_changed":false,"footnotes":""},"class_list":["post-20","page","type-page","status-publish","hentry"],"acf":[],"yoast_head":"<!-- This site is optimized with the Yoast SEO plugin v23.8 - https:\/\/yoast.com\/wordpress\/plugins\/seo\/ -->\n<title>\u00danete al equipo - Segal\u00e9s - Maquinaria para la depuraci\u00f3n<\/title>\n<meta name=\"description\" content=\"En Segal\u00e9s, estamos en constante crecimiento y expansi\u00f3n, y buscamos a los mejores profesionales para formar parte de nuestro equipo.\" \/>\n<meta name=\"robots\" content=\"noindex, follow, max-snippet:-1, max-image-preview:large, max-video-preview:-1\" \/>\n<meta property=\"og:locale\" content=\"es_ES\" \/>\n<meta property=\"og:type\" content=\"article\" \/>\n<meta property=\"og:title\" content=\"\u00danete al equipo - Segal\u00e9s - Maquinaria para la depuraci\u00f3n\" \/>\n<meta property=\"og:description\" content=\"En Segal\u00e9s, estamos en constante crecimiento y expansi\u00f3n, y buscamos a los mejores profesionales para formar parte de nuestro equipo.\" \/>\n<meta property=\"og:url\" content=\"https:\/\/labs.100x100.net\/projects\/segales\/unete-al-equipo\/\" \/>\n<meta property=\"og:site_name\" content=\"Segal\u00e9s\" \/>\n<meta property=\"article:modified_time\" content=\"2024-10-29T14:48:50+00:00\" \/>\n<meta property=\"og:image\" content=\"https:\/\/labs.100x100.net\/projects\/segales\/custom\/uploads\/2024\/10\/historia4.jpg\" \/>\n\t<meta property=\"og:image:width\" content=\"832\" \/>\n\t<meta property=\"og:image:height\" content=\"832\" \/>\n\t<meta property=\"og:image:type\" content=\"image\/jpeg\" \/>\n<meta name=\"twitter:card\" content=\"summary_large_image\" \/>\n<meta name=\"twitter:image\" content=\"https:\/\/labs.100x100.net\/projects\/segales\/custom\/uploads\/2024\/10\/historia4.jpg\" \/>\n<script type=\"application\/ld+json\" class=\"yoast-schema-graph\">{\"@context\":\"https:\/\/schema.org\",\"@graph\":[{\"@type\":\"WebPage\",\"@id\":\"https:\/\/labs.100x100.net\/projects\/segales\/unete-al-equipo\/\",\"url\":\"https:\/\/labs.100x100.net\/projects\/segales\/unete-al-equipo\/\",\"name\":\"\u00danete al equipo - Segal\u00e9s - Maquinaria para la depuraci\u00f3n\",\"isPartOf\":{\"@id\":\"https:\/\/labs.100x100.net\/projects\/segales\/#website\"},\"datePublished\":\"2024-10-16T13:27:15+00:00\",\"dateModified\":\"2024-10-29T14:48:50+00:00\",\"description\":\"En Segal\u00e9s, estamos en constante crecimiento y expansi\u00f3n, y buscamos a los mejores profesionales para formar parte de nuestro equipo.\",\"breadcrumb\":{\"@id\":\"https:\/\/labs.100x100.net\/projects\/segales\/unete-al-equipo\/#breadcrumb\"},\"inLanguage\":\"es\",\"potentialAction\":[{\"@type\":\"ReadAction\",\"target\":[\"https:\/\/labs.100x100.net\/projects\/segales\/unete-al-equipo\/\"]}]},{\"@type\":\"BreadcrumbList\",\"@id\":\"https:\/\/labs.100x100.net\/projects\/segales\/unete-al-equipo\/#breadcrumb\",\"itemListElement\":[{\"@type\":\"ListItem\",\"position\":1,\"name\":\"Portada\",\"item\":\"https:\/\/labs.100x100.net\/projects\/segales\/\"},{\"@type\":\"ListItem\",\"position\":2,\"name\":\"\u00danete al equipo\"}]},{\"@type\":\"WebSite\",\"@id\":\"https:\/\/labs.100x100.net\/projects\/segales\/#website\",\"url\":\"https:\/\/labs.100x100.net\/projects\/segales\/\",\"name\":\"Segal\u00e9s\",\"description\":\"Maquinaria producci\u00f3n ganadera, biog\u00e1s, industria y tratamientos purines y vacunos\",\"potentialAction\":[{\"@type\":\"SearchAction\",\"target\":{\"@type\":\"EntryPoint\",\"urlTemplate\":\"https:\/\/labs.100x100.net\/projects\/segales\/?s={search_term_string}\"},\"query-input\":{\"@type\":\"PropertyValueSpecification\",\"valueRequired\":true,\"valueName\":\"search_term_string\"}}],\"inLanguage\":\"es\"}]}<\/script>\n<!-- \/ Yoast SEO plugin. -->","yoast_head_json":{"title":"\u00danete al equipo - Segal\u00e9s - Maquinaria para la depuraci\u00f3n","description":"En Segal\u00e9s, estamos en constante crecimiento y expansi\u00f3n, y buscamos a los mejores profesionales para formar parte de nuestro equipo.","robots":{"index":"noindex","follow":"follow","max-snippet":"max-snippet:-1","max-image-preview":"max-image-preview:large","max-video-preview":"max-video-preview:-1"},"og_locale":"es_ES","og_type":"article","og_title":"\u00danete al equipo - Segal\u00e9s - Maquinaria para la depuraci\u00f3n","og_description":"En Segal\u00e9s, estamos en constante crecimiento y expansi\u00f3n, y buscamos a los mejores profesionales para formar parte de nuestro equipo.","og_url":"https:\/\/labs.100x100.net\/projects\/segales\/unete-al-equipo\/","og_site_name":"Segal\u00e9s","article_modified_time":"2024-10-29T14:48:50+00:00","og_image":[{"width":832,"height":832,"url":"https:\/\/labs.100x100.net\/projects\/segales\/custom\/uploads\/2024\/10\/historia4.jpg","type":"image\/jpeg"}],"twitter_card":"summary_large_image","twitter_image":"https:\/\/labs.100x100.net\/projects\/segales\/custom\/uploads\/2024\/10\/historia4.jpg","schema":{"@context":"https:\/\/schema.org","@graph":[{"@type":"WebPage","@id":"https:\/\/labs.100x100.net\/projects\/segales\/unete-al-equipo\/","url":"https:\/\/labs.100x100.net\/projects\/segales\/unete-al-equipo\/","name":"\u00danete al equipo - Segal\u00e9s - Maquinaria para la depuraci\u00f3n","isPartOf":{"@id":"https:\/\/labs.100x100.net\/projects\/segales\/#website"},"datePublished":"2024-10-16T13:27:15+00:00","dateModified":"2024-10-29T14:48:50+00:00","description":"En Segal\u00e9s, estamos en constante crecimiento y expansi\u00f3n, y buscamos a los mejores profesionales para formar parte de nuestro equipo.","breadcrumb":{"@id":"https:\/\/labs.100x100.net\/projects\/segales\/unete-al-equipo\/#breadcrumb"},"inLanguage":"es","potentialAction":[{"@type":"ReadAction","target":["https:\/\/labs.100x100.net\/projects\/segales\/unete-al-equipo\/"]}]},{"@type":"BreadcrumbList","@id":"https:\/\/labs.100x100.net\/projects\/segales\/unete-al-equipo\/#breadcrumb","itemListElement":[{"@type":"ListItem","position":1,"name":"Portada","item":"https:\/\/labs.100x100.net\/projects\/segales\/"},{"@type":"ListItem","position":2,"name":"\u00danete al equipo"}]},{"@type":"WebSite","@id":"https:\/\/labs.100x100.net\/projects\/segales\/#website","url":"https:\/\/labs.100x100.net\/projects\/segales\/","name":"Segal\u00e9s","description":"Maquinaria producci\u00f3n ganadera, biog\u00e1s, industria y tratamientos purines y vacunos","potentialAction":[{"@type":"SearchAction","target":{"@type":"EntryPoint","urlTemplate":"https:\/\/labs.100x100.net\/projects\/segales\/?s={search_term_string}"},"query-input":{"@type":"PropertyValueSpecification","valueRequired":true,"valueName":"search_term_string"}}],"inLanguage":"es"}]}},"_links":{"self":[{"href":"https:\/\/labs.100x100.net\/projects\/segales\/wp-json\/wp\/v2\/pages\/20"}],"collection":[{"href":"https:\/\/labs.100x100.net\/projects\/segales\/wp-json\/wp\/v2\/pages"}],"about":[{"href":"https:\/\/labs.100x100.net\/projects\/segales\/wp-json\/wp\/v2\/types\/page"}],"author":[{"embeddable":true,"href":"https:\/\/labs.100x100.net\/projects\/segales\/wp-json\/wp\/v2\/users\/1"}],"replies":[{"embeddable":true,"href":"https:\/\/labs.100x100.net\/projects\/segales\/wp-json\/wp\/v2\/comments?post=20"}],"version-history":[{"count":2,"href":"https:\/\/labs.100x100.net\/projects\/segales\/wp-json\/wp\/v2\/pages\/20\/revisions"}],"predecessor-version":[{"id":178,"href":"https:\/\/labs.100x100.net\/projects\/segales\/wp-json\/wp\/v2\/pages\/20\/revisions\/178"}],"wp:attachment":[{"href":"https:\/\/labs.100x100.net\/projects\/segales\/wp-json\/wp\/v2\/media?parent=20"}],"curies":[{"name":"wp","href":"https:\/\/api.w.org\/{rel}","templated":true}]}}