{"version":"1.0","provider_name":"Regata La Ruta de la Sal","provider_url":"https:\/\/labs.100x100.net\/projects\/rutasal","title":"VIENTOS QUE DEBER\u00c1N ESPERAR | Regata La Ruta de la Sal","type":"rich","width":600,"height":338,"html":"<blockquote class=\"wp-embedded-content\" data-secret=\"zd39CgeFtk\"><a href=\"https:\/\/labs.100x100.net\/projects\/rutasal\/vientos-que-deberan-esperar\/\">VIENTOS QUE DEBER\u00c1N ESPERAR<\/a><\/blockquote><iframe sandbox=\"allow-scripts\" security=\"restricted\" src=\"https:\/\/labs.100x100.net\/projects\/rutasal\/vientos-que-deberan-esperar\/embed\/#?secret=zd39CgeFtk\" width=\"600\" height=\"338\" title=\"\u00abVIENTOS QUE DEBER\u00c1N ESPERAR\u00bb \u2014 Regata La Ruta de la Sal\" data-secret=\"zd39CgeFtk\" frameborder=\"0\" marginwidth=\"0\" marginheight=\"0\" scrolling=\"no\" class=\"wp-embedded-content\"><\/iframe><script type=\"text\/javascript\">\n\/* <![CDATA[ *\/\n\/*! This file is auto-generated *\/\n!function(d,l){\"use strict\";l.querySelector&&d.addEventListener&&\"undefined\"!=typeof URL&&(d.wp=d.wp||{},d.wp.receiveEmbedMessage||(d.wp.receiveEmbedMessage=function(e){var t=e.data;if((t||t.secret||t.message||t.value)&&!\/[^a-zA-Z0-9]\/.test(t.secret)){for(var s,r,n,a=l.querySelectorAll('iframe[data-secret=\"'+t.secret+'\"]'),o=l.querySelectorAll('blockquote[data-secret=\"'+t.secret+'\"]'),c=new RegExp(\"^https?:$\",\"i\"),i=0;i<o.length;i++)o[i].style.display=\"none\";for(i=0;i<a.length;i++)s=a[i],e.source===s.contentWindow&&(s.removeAttribute(\"style\"),\"height\"===t.message?(1e3<(r=parseInt(t.value,10))?r=1e3:~~r<200&&(r=200),s.height=r):\"link\"===t.message&&(r=new URL(s.getAttribute(\"src\")),n=new URL(t.value),c.test(n.protocol))&&n.host===r.host&&l.activeElement===s&&(d.top.location.href=t.value))}},d.addEventListener(\"message\",d.wp.receiveEmbedMessage,!1),l.addEventListener(\"DOMContentLoaded\",function(){for(var e,t,s=l.querySelectorAll(\"iframe.wp-embedded-content\"),r=0;r<s.length;r++)(t=(e=s[r]).getAttribute(\"data-secret\"))||(t=Math.random().toString(36).substring(2,12),e.src+=\"#?secret=\"+t,e.setAttribute(\"data-secret\",t)),e.contentWindow.postMessage({message:\"ready\",secret:t},\"*\")},!1)))}(window,document);\n\/* ]]> *\/\n<\/script>\n","thumbnail_url":"https:\/\/labs.100x100.net\/projects\/rutasal\/custom\/uploads\/2020\/04\/2020041000_2020041003_vent.png","thumbnail_width":670,"thumbnail_height":435,"description":"A continuaci\u00f3n os dejamos el an\u00e1lisis que, Tom\u00e1s Molina, meteor\u00f3logo oficial de La Ruta de la Sal, ha tenido la gentileza de realizar, de los vientos que hubiesen encontrado las tres flotas de La Ruta de la Sal, en caso de que la regata se hubiera podido celebrar en la fecha prevista. Gracias Tom\u00e1s! &nbsp; [&hellip;]"}

VIENTOS QUE DEBERÁN ESPERAR | Regata La Ruta de la Sal

<blockquote class="wp-embedded-content" data-secret="zd39CgeFtk"><a href="https://labs.100x100.net/projects/rutasal/vientos-que-deberan-esperar/">VIENTOS QUE DEBERÁN ESPERAR</a></blockquote><iframe sandbox="allow-scripts" security="restricted" src="https://labs.100x100.net/projects/rutasal/vientos-que-deberan-esperar/embed/#?secret=zd39CgeFtk" width="600" height="338" title="«VIENTOS QUE DEBERÁN ESPERAR» — Regata La Ruta de la Sal" data-secret="zd39CgeFtk" frameborder="0" marginwidth="0" marginheight="0" scrolling="no" class="wp-embedded-content"></iframe><script type="text/javascript">
/* <![CDATA[ */
/*! This file is auto-generated */
!function(d,l){"use strict";l.querySelector&&d.addEventListener&&"undefined"!=typeof URL&&(d.wp=d.wp||{},d.wp.receiveEmbedMessage||(d.wp.receiveEmbedMessage=function(e){var t=e.data;if((t||t.secret||t.message||t.value)&&!/[^a-zA-Z0-9]/.test(t.secret)){for(var s,r,n,a=l.querySelectorAll('iframe[data-secret="'+t.secret+'"]'),o=l.querySelectorAll('blockquote[data-secret="'+t.secret+'"]'),c=new RegExp("^https?:$","i"),i=0;i<o.length;i++)o[i].style.display="none";for(i=0;i<a.length;i++)s=a[i],e.source===s.contentWindow&&(s.removeAttribute("style"),"height"===t.message?(1e3<(r=parseInt(t.value,10))?r=1e3:~~r<200&&(r=200),s.height=r):"link"===t.message&&(r=new URL(s.getAttribute("src")),n=new URL(t.value),c.test(n.protocol))&&n.host===r.host&&l.activeElement===s&&(d.top.location.href=t.value))}},d.addEventListener("message",d.wp.receiveEmbedMessage,!1),l.addEventListener("DOMContentLoaded",function(){for(var e,t,s=l.querySelectorAll("iframe.wp-embedded-content"),r=0;r<s.length;r++)(t=(e=s[r]).getAttribute("data-secret"))||(t=Math.random().toString(36).substring(2,12),e.src+="#?secret="+t,e.setAttribute("data-secret",t)),e.contentWindow.postMessage({message:"ready",secret:t},"*")},!1)))}(window,document);
/* ]]> */
</script>

A continuación os dejamos el análisis que, Tomás Molina, meteorólogo oficial de La Ruta de la Sal, ha tenido la gentileza de realizar, de los vientos que hubiesen encontrado las tres flotas de La Ruta de la Sal, en caso de que la regata se hubiera podido celebrar en la fecha prevista. Gracias Tomás! &nbsp; [&hellip;]
