{"version":"1.0","provider_name":"Regata La Ruta de la Sal","provider_url":"https:\/\/labs.100x100.net\/projects\/rutasal","title":"Se abren las inscripciones para la 36\u00aa edici\u00f3n de La Ruta de la Sal","type":"rich","width":600,"height":338,"html":"<blockquote class=\"wp-embedded-content\" data-secret=\"gkxnJ2PXVe\"><a href=\"https:\/\/labs.100x100.net\/projects\/rutasal\/se-abren-las-inscripciones\/\">Se abren las inscripciones para la 36\u00aa edici\u00f3n de La Ruta de la Sal<\/a><\/blockquote><iframe sandbox=\"allow-scripts\" security=\"restricted\" src=\"https:\/\/labs.100x100.net\/projects\/rutasal\/se-abren-las-inscripciones\/embed\/#?secret=gkxnJ2PXVe\" width=\"600\" height=\"338\" title=\"\u00abSe abren las inscripciones para la 36\u00aa edici\u00f3n de La Ruta de la Sal\u00bb \u2014 Regata La Ruta de la Sal\" data-secret=\"gkxnJ2PXVe\" frameborder=\"0\" marginwidth=\"0\" marginheight=\"0\" scrolling=\"no\" class=\"wp-embedded-content\"><\/iframe><script type=\"text\/javascript\">\n\/* <![CDATA[ *\/\n\/*! This file is auto-generated *\/\n!function(d,l){\"use strict\";l.querySelector&&d.addEventListener&&\"undefined\"!=typeof URL&&(d.wp=d.wp||{},d.wp.receiveEmbedMessage||(d.wp.receiveEmbedMessage=function(e){var t=e.data;if((t||t.secret||t.message||t.value)&&!\/[^a-zA-Z0-9]\/.test(t.secret)){for(var s,r,n,a=l.querySelectorAll('iframe[data-secret=\"'+t.secret+'\"]'),o=l.querySelectorAll('blockquote[data-secret=\"'+t.secret+'\"]'),c=new RegExp(\"^https?:$\",\"i\"),i=0;i<o.length;i++)o[i].style.display=\"none\";for(i=0;i<a.length;i++)s=a[i],e.source===s.contentWindow&&(s.removeAttribute(\"style\"),\"height\"===t.message?(1e3<(r=parseInt(t.value,10))?r=1e3:~~r<200&&(r=200),s.height=r):\"link\"===t.message&&(r=new URL(s.getAttribute(\"src\")),n=new URL(t.value),c.test(n.protocol))&&n.host===r.host&&l.activeElement===s&&(d.top.location.href=t.value))}},d.addEventListener(\"message\",d.wp.receiveEmbedMessage,!1),l.addEventListener(\"DOMContentLoaded\",function(){for(var e,t,s=l.querySelectorAll(\"iframe.wp-embedded-content\"),r=0;r<s.length;r++)(t=(e=s[r]).getAttribute(\"data-secret\"))||(t=Math.random().toString(36).substring(2,12),e.src+=\"#?secret=\"+t,e.setAttribute(\"data-secret\",t)),e.contentWindow.postMessage({message:\"ready\",secret:t},\"*\")},!1)))}(window,document);\n\/* ]]> *\/\n<\/script>\n","thumbnail_url":"https:\/\/labs.100x100.net\/projects\/rutasal\/custom\/uploads\/2023\/12\/Enregata-\u00a9Torveo.jpg","thumbnail_width":2048,"thumbnail_height":1365,"description":"Enregata, liderada por Andr\u00e9s Oliva, anuncia con entusiasmo la apertura de inscripciones para la 36\u00aa edici\u00f3n de La Ruta de la Sal. Este anuncio llega tras el reciente traspaso de la organizaci\u00f3n de eventos n\u00e1uticos de Difusi\u00f3n N\u00e1utica a Enregata, marcando un nuevo cap\u00edtulo en la historia de estos prestigiosos cert\u00e1menes. La Ruta de la [&hellip;]"}

Se abren las inscripciones para la 36ª edición de La Ruta de la Sal

<blockquote class="wp-embedded-content" data-secret="gkxnJ2PXVe"><a href="https://labs.100x100.net/projects/rutasal/se-abren-las-inscripciones/">Se abren las inscripciones para la 36ª edición de La Ruta de la Sal</a></blockquote><iframe sandbox="allow-scripts" security="restricted" src="https://labs.100x100.net/projects/rutasal/se-abren-las-inscripciones/embed/#?secret=gkxnJ2PXVe" width="600" height="338" title="«Se abren las inscripciones para la 36ª edición de La Ruta de la Sal» — Regata La Ruta de la Sal" data-secret="gkxnJ2PXVe" frameborder="0" marginwidth="0" marginheight="0" scrolling="no" class="wp-embedded-content"></iframe><script type="text/javascript">
/* <![CDATA[ */
/*! This file is auto-generated */
!function(d,l){"use strict";l.querySelector&&d.addEventListener&&"undefined"!=typeof URL&&(d.wp=d.wp||{},d.wp.receiveEmbedMessage||(d.wp.receiveEmbedMessage=function(e){var t=e.data;if((t||t.secret||t.message||t.value)&&!/[^a-zA-Z0-9]/.test(t.secret)){for(var s,r,n,a=l.querySelectorAll('iframe[data-secret="'+t.secret+'"]'),o=l.querySelectorAll('blockquote[data-secret="'+t.secret+'"]'),c=new RegExp("^https?:$","i"),i=0;i<o.length;i++)o[i].style.display="none";for(i=0;i<a.length;i++)s=a[i],e.source===s.contentWindow&&(s.removeAttribute("style"),"height"===t.message?(1e3<(r=parseInt(t.value,10))?r=1e3:~~r<200&&(r=200),s.height=r):"link"===t.message&&(r=new URL(s.getAttribute("src")),n=new URL(t.value),c.test(n.protocol))&&n.host===r.host&&l.activeElement===s&&(d.top.location.href=t.value))}},d.addEventListener("message",d.wp.receiveEmbedMessage,!1),l.addEventListener("DOMContentLoaded",function(){for(var e,t,s=l.querySelectorAll("iframe.wp-embedded-content"),r=0;r<s.length;r++)(t=(e=s[r]).getAttribute("data-secret"))||(t=Math.random().toString(36).substring(2,12),e.src+="#?secret="+t,e.setAttribute("data-secret",t)),e.contentWindow.postMessage({message:"ready",secret:t},"*")},!1)))}(window,document);
/* ]]> */
</script>

Enregata, liderada por Andrés Oliva, anuncia con entusiasmo la apertura de inscripciones para la 36ª edición de La Ruta de la Sal. Este anuncio llega tras el reciente traspaso de la organización de eventos náuticos de Difusión Náutica a Enregata, marcando un nuevo capítulo en la historia de estos prestigiosos certámenes. La Ruta de la [&hellip;]
