{"version":"1.0","provider_name":"Regata La Ruta de la Sal","provider_url":"https:\/\/labs.100x100.net\/projects\/rutasal","title":"Sal\u00f3n N\u00e1utico Internacional de Barcelona | Regata La Ruta de la Sal","type":"rich","width":600,"height":338,"html":"<blockquote class=\"wp-embedded-content\" data-secret=\"Z6SdzFZzGN\"><a href=\"https:\/\/labs.100x100.net\/projects\/rutasal\/salon-nautico-internacional-de-barcelona-3\/\">Sal\u00f3n N\u00e1utico Internacional de Barcelona<\/a><\/blockquote><iframe sandbox=\"allow-scripts\" security=\"restricted\" src=\"https:\/\/labs.100x100.net\/projects\/rutasal\/salon-nautico-internacional-de-barcelona-3\/embed\/#?secret=Z6SdzFZzGN\" width=\"600\" height=\"338\" title=\"\u00abSal\u00f3n N\u00e1utico Internacional de Barcelona\u00bb \u2014 Regata La Ruta de la Sal\" data-secret=\"Z6SdzFZzGN\" frameborder=\"0\" marginwidth=\"0\" marginheight=\"0\" scrolling=\"no\" class=\"wp-embedded-content\"><\/iframe><script type=\"text\/javascript\">\n\/* <![CDATA[ *\/\n\/*! This file is auto-generated *\/\n!function(d,l){\"use strict\";l.querySelector&&d.addEventListener&&\"undefined\"!=typeof URL&&(d.wp=d.wp||{},d.wp.receiveEmbedMessage||(d.wp.receiveEmbedMessage=function(e){var t=e.data;if((t||t.secret||t.message||t.value)&&!\/[^a-zA-Z0-9]\/.test(t.secret)){for(var s,r,n,a=l.querySelectorAll('iframe[data-secret=\"'+t.secret+'\"]'),o=l.querySelectorAll('blockquote[data-secret=\"'+t.secret+'\"]'),c=new RegExp(\"^https?:$\",\"i\"),i=0;i<o.length;i++)o[i].style.display=\"none\";for(i=0;i<a.length;i++)s=a[i],e.source===s.contentWindow&&(s.removeAttribute(\"style\"),\"height\"===t.message?(1e3<(r=parseInt(t.value,10))?r=1e3:~~r<200&&(r=200),s.height=r):\"link\"===t.message&&(r=new URL(s.getAttribute(\"src\")),n=new URL(t.value),c.test(n.protocol))&&n.host===r.host&&l.activeElement===s&&(d.top.location.href=t.value))}},d.addEventListener(\"message\",d.wp.receiveEmbedMessage,!1),l.addEventListener(\"DOMContentLoaded\",function(){for(var e,t,s=l.querySelectorAll(\"iframe.wp-embedded-content\"),r=0;r<s.length;r++)(t=(e=s[r]).getAttribute(\"data-secret\"))||(t=Math.random().toString(36).substring(2,12),e.src+=\"#?secret=\"+t,e.setAttribute(\"data-secret\",t)),e.contentWindow.postMessage({message:\"ready\",secret:t},\"*\")},!1)))}(window,document);\n\/* ]]> *\/\n<\/script>\n","thumbnail_url":"https:\/\/labs.100x100.net\/projects\/rutasal\/custom\/uploads\/2013\/09\/8596839279_642f64d154.jpg","thumbnail_width":500,"thumbnail_height":350,"description":"Nos complace comunicarte que durante el Sal\u00f3n N\u00e1utico Internacional de Barcelona, que este a\u00f1o se celebra del 24 al 29 de septiembre en el Port Vell, nuestro STAND ANAM \u2013 LA RUTA DE LA SAL estar\u00e1 situado en el mismo lugar que el a\u00f1o pasado, Moll de la Fusta STAND C-587, punto de encuentro de los navegantes en el que te esperamos."}

Salón Náutico Internacional de Barcelona | Regata La Ruta de la Sal

<blockquote class="wp-embedded-content" data-secret="Z6SdzFZzGN"><a href="https://labs.100x100.net/projects/rutasal/salon-nautico-internacional-de-barcelona-3/">Salón Náutico Internacional de Barcelona</a></blockquote><iframe sandbox="allow-scripts" security="restricted" src="https://labs.100x100.net/projects/rutasal/salon-nautico-internacional-de-barcelona-3/embed/#?secret=Z6SdzFZzGN" width="600" height="338" title="«Salón Náutico Internacional de Barcelona» — Regata La Ruta de la Sal" data-secret="Z6SdzFZzGN" frameborder="0" marginwidth="0" marginheight="0" scrolling="no" class="wp-embedded-content"></iframe><script type="text/javascript">
/* <![CDATA[ */
/*! This file is auto-generated */
!function(d,l){"use strict";l.querySelector&&d.addEventListener&&"undefined"!=typeof URL&&(d.wp=d.wp||{},d.wp.receiveEmbedMessage||(d.wp.receiveEmbedMessage=function(e){var t=e.data;if((t||t.secret||t.message||t.value)&&!/[^a-zA-Z0-9]/.test(t.secret)){for(var s,r,n,a=l.querySelectorAll('iframe[data-secret="'+t.secret+'"]'),o=l.querySelectorAll('blockquote[data-secret="'+t.secret+'"]'),c=new RegExp("^https?:$","i"),i=0;i<o.length;i++)o[i].style.display="none";for(i=0;i<a.length;i++)s=a[i],e.source===s.contentWindow&&(s.removeAttribute("style"),"height"===t.message?(1e3<(r=parseInt(t.value,10))?r=1e3:~~r<200&&(r=200),s.height=r):"link"===t.message&&(r=new URL(s.getAttribute("src")),n=new URL(t.value),c.test(n.protocol))&&n.host===r.host&&l.activeElement===s&&(d.top.location.href=t.value))}},d.addEventListener("message",d.wp.receiveEmbedMessage,!1),l.addEventListener("DOMContentLoaded",function(){for(var e,t,s=l.querySelectorAll("iframe.wp-embedded-content"),r=0;r<s.length;r++)(t=(e=s[r]).getAttribute("data-secret"))||(t=Math.random().toString(36).substring(2,12),e.src+="#?secret="+t,e.setAttribute("data-secret",t)),e.contentWindow.postMessage({message:"ready",secret:t},"*")},!1)))}(window,document);
/* ]]> */
</script>

Nos complace comunicarte que durante el Salón Náutico Internacional de Barcelona, que este año se celebra del 24 al 29 de septiembre en el Port Vell, nuestro STAND ANAM – LA RUTA DE LA SAL estará situado en el mismo lugar que el año pasado, Moll de la Fusta STAND C-587, punto de encuentro de los navegantes en el que te esperamos.
