{"version":"1.0","provider_name":"Regata La Ruta de la Sal","provider_url":"https:\/\/labs.100x100.net\/projects\/rutasal","title":"Ayer se celebr\u00f3 la Rueda de Prensa de presentaci\u00f3n de La Ruta de la Sal que en tres semanas dar\u00e1 el pistoletazo de salida","type":"rich","width":600,"height":338,"html":"<blockquote class=\"wp-embedded-content\" data-secret=\"23XZXlscWK\"><a href=\"https:\/\/labs.100x100.net\/projects\/rutasal\/rueda-de-prensa\/\">Ayer se celebr\u00f3 la Rueda de Prensa de presentaci\u00f3n de La Ruta de la Sal que en tres semanas dar\u00e1 el pistoletazo de salida<\/a><\/blockquote><iframe sandbox=\"allow-scripts\" security=\"restricted\" src=\"https:\/\/labs.100x100.net\/projects\/rutasal\/rueda-de-prensa\/embed\/#?secret=23XZXlscWK\" width=\"600\" height=\"338\" title=\"\u00abAyer se celebr\u00f3 la Rueda de Prensa de presentaci\u00f3n de La Ruta de la Sal que en tres semanas dar\u00e1 el pistoletazo de salida\u00bb \u2014 Regata La Ruta de la Sal\" data-secret=\"23XZXlscWK\" frameborder=\"0\" marginwidth=\"0\" marginheight=\"0\" scrolling=\"no\" class=\"wp-embedded-content\"><\/iframe><script type=\"text\/javascript\">\n\/* <![CDATA[ *\/\n\/*! This file is auto-generated *\/\n!function(d,l){\"use strict\";l.querySelector&&d.addEventListener&&\"undefined\"!=typeof URL&&(d.wp=d.wp||{},d.wp.receiveEmbedMessage||(d.wp.receiveEmbedMessage=function(e){var t=e.data;if((t||t.secret||t.message||t.value)&&!\/[^a-zA-Z0-9]\/.test(t.secret)){for(var s,r,n,a=l.querySelectorAll('iframe[data-secret=\"'+t.secret+'\"]'),o=l.querySelectorAll('blockquote[data-secret=\"'+t.secret+'\"]'),c=new RegExp(\"^https?:$\",\"i\"),i=0;i<o.length;i++)o[i].style.display=\"none\";for(i=0;i<a.length;i++)s=a[i],e.source===s.contentWindow&&(s.removeAttribute(\"style\"),\"height\"===t.message?(1e3<(r=parseInt(t.value,10))?r=1e3:~~r<200&&(r=200),s.height=r):\"link\"===t.message&&(r=new URL(s.getAttribute(\"src\")),n=new URL(t.value),c.test(n.protocol))&&n.host===r.host&&l.activeElement===s&&(d.top.location.href=t.value))}},d.addEventListener(\"message\",d.wp.receiveEmbedMessage,!1),l.addEventListener(\"DOMContentLoaded\",function(){for(var e,t,s=l.querySelectorAll(\"iframe.wp-embedded-content\"),r=0;r<s.length;r++)(t=(e=s[r]).getAttribute(\"data-secret\"))||(t=Math.random().toString(36).substring(2,12),e.src+=\"#?secret=\"+t,e.setAttribute(\"data-secret\",t)),e.contentWindow.postMessage({message:\"ready\",secret:t},\"*\")},!1)))}(window,document);\n\/* ]]> *\/\n<\/script>\n","thumbnail_url":"https:\/\/labs.100x100.net\/projects\/rutasal\/custom\/uploads\/2023\/03\/DSC_6771-scaled.jpg","thumbnail_width":2560,"thumbnail_height":1709,"description":"Ayer tuvo lugar la rueda de prensa de presentaci\u00f3n en la que se anunciaron todos los detalles de esta regata que cuenta con 170 barcos preinscritos."}

Ayer se celebró la Rueda de Prensa de presentación de La Ruta de la Sal que en tres semanas dará el pistoletazo de salida

<blockquote class="wp-embedded-content" data-secret="23XZXlscWK"><a href="https://labs.100x100.net/projects/rutasal/rueda-de-prensa/">Ayer se celebró la Rueda de Prensa de presentación de La Ruta de la Sal que en tres semanas dará el pistoletazo de salida</a></blockquote><iframe sandbox="allow-scripts" security="restricted" src="https://labs.100x100.net/projects/rutasal/rueda-de-prensa/embed/#?secret=23XZXlscWK" width="600" height="338" title="«Ayer se celebró la Rueda de Prensa de presentación de La Ruta de la Sal que en tres semanas dará el pistoletazo de salida» — Regata La Ruta de la Sal" data-secret="23XZXlscWK" frameborder="0" marginwidth="0" marginheight="0" scrolling="no" class="wp-embedded-content"></iframe><script type="text/javascript">
/* <![CDATA[ */
/*! This file is auto-generated */
!function(d,l){"use strict";l.querySelector&&d.addEventListener&&"undefined"!=typeof URL&&(d.wp=d.wp||{},d.wp.receiveEmbedMessage||(d.wp.receiveEmbedMessage=function(e){var t=e.data;if((t||t.secret||t.message||t.value)&&!/[^a-zA-Z0-9]/.test(t.secret)){for(var s,r,n,a=l.querySelectorAll('iframe[data-secret="'+t.secret+'"]'),o=l.querySelectorAll('blockquote[data-secret="'+t.secret+'"]'),c=new RegExp("^https?:$","i"),i=0;i<o.length;i++)o[i].style.display="none";for(i=0;i<a.length;i++)s=a[i],e.source===s.contentWindow&&(s.removeAttribute("style"),"height"===t.message?(1e3<(r=parseInt(t.value,10))?r=1e3:~~r<200&&(r=200),s.height=r):"link"===t.message&&(r=new URL(s.getAttribute("src")),n=new URL(t.value),c.test(n.protocol))&&n.host===r.host&&l.activeElement===s&&(d.top.location.href=t.value))}},d.addEventListener("message",d.wp.receiveEmbedMessage,!1),l.addEventListener("DOMContentLoaded",function(){for(var e,t,s=l.querySelectorAll("iframe.wp-embedded-content"),r=0;r<s.length;r++)(t=(e=s[r]).getAttribute("data-secret"))||(t=Math.random().toString(36).substring(2,12),e.src+="#?secret="+t,e.setAttribute("data-secret",t)),e.contentWindow.postMessage({message:"ready",secret:t},"*")},!1)))}(window,document);
/* ]]> */
</script>

Ayer tuvo lugar la rueda de prensa de presentación en la que se anunciaron todos los detalles de esta regata que cuenta con 170 barcos preinscritos.
