{"version":"1.0","provider_name":"Regata La Ruta de la Sal","provider_url":"https:\/\/labs.100x100.net\/projects\/rutasal","title":"Presentaci\u00f3n oficial de la 36\u00aa edici\u00f3n de La Ruta de la Sal en Hotel Ocean Drive de Barcelona","type":"rich","width":600,"height":338,"html":"<blockquote class=\"wp-embedded-content\" data-secret=\"pcKzcT8jj7\"><a href=\"https:\/\/labs.100x100.net\/projects\/rutasal\/presentacion-oficial-xxxvi-edicion\/\">Presentaci\u00f3n oficial de la 36\u00aa edici\u00f3n de La Ruta de la Sal en Hotel Ocean Drive de Barcelona<\/a><\/blockquote><iframe sandbox=\"allow-scripts\" security=\"restricted\" src=\"https:\/\/labs.100x100.net\/projects\/rutasal\/presentacion-oficial-xxxvi-edicion\/embed\/#?secret=pcKzcT8jj7\" width=\"600\" height=\"338\" title=\"\u00abPresentaci\u00f3n oficial de la 36\u00aa edici\u00f3n de La Ruta de la Sal en Hotel Ocean Drive de Barcelona\u00bb \u2014 Regata La Ruta de la Sal\" data-secret=\"pcKzcT8jj7\" frameborder=\"0\" marginwidth=\"0\" marginheight=\"0\" scrolling=\"no\" class=\"wp-embedded-content\"><\/iframe><script type=\"text\/javascript\">\n\/* <![CDATA[ *\/\n\/*! This file is auto-generated *\/\n!function(d,l){\"use strict\";l.querySelector&&d.addEventListener&&\"undefined\"!=typeof URL&&(d.wp=d.wp||{},d.wp.receiveEmbedMessage||(d.wp.receiveEmbedMessage=function(e){var t=e.data;if((t||t.secret||t.message||t.value)&&!\/[^a-zA-Z0-9]\/.test(t.secret)){for(var s,r,n,a=l.querySelectorAll('iframe[data-secret=\"'+t.secret+'\"]'),o=l.querySelectorAll('blockquote[data-secret=\"'+t.secret+'\"]'),c=new RegExp(\"^https?:$\",\"i\"),i=0;i<o.length;i++)o[i].style.display=\"none\";for(i=0;i<a.length;i++)s=a[i],e.source===s.contentWindow&&(s.removeAttribute(\"style\"),\"height\"===t.message?(1e3<(r=parseInt(t.value,10))?r=1e3:~~r<200&&(r=200),s.height=r):\"link\"===t.message&&(r=new URL(s.getAttribute(\"src\")),n=new URL(t.value),c.test(n.protocol))&&n.host===r.host&&l.activeElement===s&&(d.top.location.href=t.value))}},d.addEventListener(\"message\",d.wp.receiveEmbedMessage,!1),l.addEventListener(\"DOMContentLoaded\",function(){for(var e,t,s=l.querySelectorAll(\"iframe.wp-embedded-content\"),r=0;r<s.length;r++)(t=(e=s[r]).getAttribute(\"data-secret\"))||(t=Math.random().toString(36).substring(2,12),e.src+=\"#?secret=\"+t,e.setAttribute(\"data-secret\",t)),e.contentWindow.postMessage({message:\"ready\",secret:t},\"*\")},!1)))}(window,document);\n\/* ]]> *\/\n<\/script>\n","thumbnail_url":"https:\/\/labs.100x100.net\/projects\/rutasal\/custom\/uploads\/2024\/03\/Enrique-Curt_Andres-Oliva_Isabel-Subirat-Alfred-Farre-\u00a9Alfred-Farre-scaled.jpg","thumbnail_width":2560,"thumbnail_height":1709,"description":"&nbsp; El alto n\u00famero de pre-inscritos, que superan ya los 170 barcos, hace prever que un a\u00f1o m\u00e1s se deber\u00e1 activar la lista de espera. Andr\u00e9s Oliva, director de Enregata, entidad que ha asumida recientemente la principal funci\u00f3n promotora de La Ruta de la Sal, abre el acto agradeciendo a Isabel Subirats y a Enrique [&hellip;]"}

Presentación oficial de la 36ª edición de La Ruta de la Sal en Hotel Ocean Drive de Barcelona

<blockquote class="wp-embedded-content" data-secret="pcKzcT8jj7"><a href="https://labs.100x100.net/projects/rutasal/presentacion-oficial-xxxvi-edicion/">Presentación oficial de la 36ª edición de La Ruta de la Sal en Hotel Ocean Drive de Barcelona</a></blockquote><iframe sandbox="allow-scripts" security="restricted" src="https://labs.100x100.net/projects/rutasal/presentacion-oficial-xxxvi-edicion/embed/#?secret=pcKzcT8jj7" width="600" height="338" title="«Presentación oficial de la 36ª edición de La Ruta de la Sal en Hotel Ocean Drive de Barcelona» — Regata La Ruta de la Sal" data-secret="pcKzcT8jj7" frameborder="0" marginwidth="0" marginheight="0" scrolling="no" class="wp-embedded-content"></iframe><script type="text/javascript">
/* <![CDATA[ */
/*! This file is auto-generated */
!function(d,l){"use strict";l.querySelector&&d.addEventListener&&"undefined"!=typeof URL&&(d.wp=d.wp||{},d.wp.receiveEmbedMessage||(d.wp.receiveEmbedMessage=function(e){var t=e.data;if((t||t.secret||t.message||t.value)&&!/[^a-zA-Z0-9]/.test(t.secret)){for(var s,r,n,a=l.querySelectorAll('iframe[data-secret="'+t.secret+'"]'),o=l.querySelectorAll('blockquote[data-secret="'+t.secret+'"]'),c=new RegExp("^https?:$","i"),i=0;i<o.length;i++)o[i].style.display="none";for(i=0;i<a.length;i++)s=a[i],e.source===s.contentWindow&&(s.removeAttribute("style"),"height"===t.message?(1e3<(r=parseInt(t.value,10))?r=1e3:~~r<200&&(r=200),s.height=r):"link"===t.message&&(r=new URL(s.getAttribute("src")),n=new URL(t.value),c.test(n.protocol))&&n.host===r.host&&l.activeElement===s&&(d.top.location.href=t.value))}},d.addEventListener("message",d.wp.receiveEmbedMessage,!1),l.addEventListener("DOMContentLoaded",function(){for(var e,t,s=l.querySelectorAll("iframe.wp-embedded-content"),r=0;r<s.length;r++)(t=(e=s[r]).getAttribute("data-secret"))||(t=Math.random().toString(36).substring(2,12),e.src+="#?secret="+t,e.setAttribute("data-secret",t)),e.contentWindow.postMessage({message:"ready",secret:t},"*")},!1)))}(window,document);
/* ]]> */
</script>

&nbsp; El alto número de pre-inscritos, que superan ya los 170 barcos, hace prever que un año más se deberá activar la lista de espera. Andrés Oliva, director de Enregata, entidad que ha asumida recientemente la principal función promotora de La Ruta de la Sal, abre el acto agradeciendo a Isabel Subirats y a Enrique [&hellip;]
