{"version":"1.0","provider_name":"Regata La Ruta de la Sal","provider_url":"https:\/\/labs.100x100.net\/projects\/rutasal","title":"NUEVAS FECHAS \/ NEW DATES | Regata La Ruta de la Sal","type":"rich","width":600,"height":338,"html":"<blockquote class=\"wp-embedded-content\" data-secret=\"Pyu0SAbY9h\"><a href=\"https:\/\/labs.100x100.net\/projects\/rutasal\/nuevas-fechas-new-dates\/\">NUEVAS FECHAS \/ NEW DATES<\/a><\/blockquote><iframe sandbox=\"allow-scripts\" security=\"restricted\" src=\"https:\/\/labs.100x100.net\/projects\/rutasal\/nuevas-fechas-new-dates\/embed\/#?secret=Pyu0SAbY9h\" width=\"600\" height=\"338\" title=\"\u00abNUEVAS FECHAS \/ NEW DATES\u00bb \u2014 Regata La Ruta de la Sal\" data-secret=\"Pyu0SAbY9h\" frameborder=\"0\" marginwidth=\"0\" marginheight=\"0\" scrolling=\"no\" class=\"wp-embedded-content\"><\/iframe><script type=\"text\/javascript\">\n\/* <![CDATA[ *\/\n\/*! This file is auto-generated *\/\n!function(d,l){\"use strict\";l.querySelector&&d.addEventListener&&\"undefined\"!=typeof URL&&(d.wp=d.wp||{},d.wp.receiveEmbedMessage||(d.wp.receiveEmbedMessage=function(e){var t=e.data;if((t||t.secret||t.message||t.value)&&!\/[^a-zA-Z0-9]\/.test(t.secret)){for(var s,r,n,a=l.querySelectorAll('iframe[data-secret=\"'+t.secret+'\"]'),o=l.querySelectorAll('blockquote[data-secret=\"'+t.secret+'\"]'),c=new RegExp(\"^https?:$\",\"i\"),i=0;i<o.length;i++)o[i].style.display=\"none\";for(i=0;i<a.length;i++)s=a[i],e.source===s.contentWindow&&(s.removeAttribute(\"style\"),\"height\"===t.message?(1e3<(r=parseInt(t.value,10))?r=1e3:~~r<200&&(r=200),s.height=r):\"link\"===t.message&&(r=new URL(s.getAttribute(\"src\")),n=new URL(t.value),c.test(n.protocol))&&n.host===r.host&&l.activeElement===s&&(d.top.location.href=t.value))}},d.addEventListener(\"message\",d.wp.receiveEmbedMessage,!1),l.addEventListener(\"DOMContentLoaded\",function(){for(var e,t,s=l.querySelectorAll(\"iframe.wp-embedded-content\"),r=0;r<s.length;r++)(t=(e=s[r]).getAttribute(\"data-secret\"))||(t=Math.random().toString(36).substring(2,12),e.src+=\"#?secret=\"+t,e.setAttribute(\"data-secret\",t)),e.contentWindow.postMessage({message:\"ready\",secret:t},\"*\")},!1)))}(window,document);\n\/* ]]> *\/\n<\/script>\n","thumbnail_url":"https:\/\/labs.100x100.net\/projects\/rutasal\/custom\/uploads\/2020\/03\/LOGO-RUTA-SAL.jpg","thumbnail_width":706,"thumbnail_height":820,"description":"********************* English text belox ********************* Estimado regatista, Tras el anuncio de aplazamiento de la Regata debido a la crisis del Covid-19, te comunicamos ahora que el Comit\u00e9 organizador de La Ruta de la Sal tiene intenci\u00f3n de celebrar la XXXIII edici\u00f3n de La Ruta de la Sal del 29 al 31 de mayo. El Comit\u00e9 [&hellip;]"}

********************* English text belox ********************* Estimado regatista, Tras el anuncio de aplazamiento de la Regata debido a la crisis del Covid-19, te comunicamos ahora que el Comité organizador de La Ruta de la Sal tiene intención de celebrar la XXXIII edición de La Ruta de la Sal del 29 al 31 de mayo. El Comité [&hellip;]
