{"version":"1.0","provider_name":"Regata La Ruta de la Sal","provider_url":"https:\/\/labs.100x100.net\/projects\/rutasal","title":"LA RUTA DE LA SAL EN FITUR | Regata La Ruta de la Sal","type":"rich","width":600,"height":338,"html":"<blockquote class=\"wp-embedded-content\" data-secret=\"fIHF3zfolo\"><a href=\"https:\/\/labs.100x100.net\/projects\/rutasal\/la-ruta-de-la-sal-en-fitur\/\">LA RUTA DE LA SAL EN FITUR<\/a><\/blockquote><iframe sandbox=\"allow-scripts\" security=\"restricted\" src=\"https:\/\/labs.100x100.net\/projects\/rutasal\/la-ruta-de-la-sal-en-fitur\/embed\/#?secret=fIHF3zfolo\" width=\"600\" height=\"338\" title=\"\u00abLA RUTA DE LA SAL EN FITUR\u00bb \u2014 Regata La Ruta de la Sal\" data-secret=\"fIHF3zfolo\" frameborder=\"0\" marginwidth=\"0\" marginheight=\"0\" scrolling=\"no\" class=\"wp-embedded-content\"><\/iframe><script type=\"text\/javascript\">\n\/* <![CDATA[ *\/\n\/*! This file is auto-generated *\/\n!function(d,l){\"use strict\";l.querySelector&&d.addEventListener&&\"undefined\"!=typeof URL&&(d.wp=d.wp||{},d.wp.receiveEmbedMessage||(d.wp.receiveEmbedMessage=function(e){var t=e.data;if((t||t.secret||t.message||t.value)&&!\/[^a-zA-Z0-9]\/.test(t.secret)){for(var s,r,n,a=l.querySelectorAll('iframe[data-secret=\"'+t.secret+'\"]'),o=l.querySelectorAll('blockquote[data-secret=\"'+t.secret+'\"]'),c=new RegExp(\"^https?:$\",\"i\"),i=0;i<o.length;i++)o[i].style.display=\"none\";for(i=0;i<a.length;i++)s=a[i],e.source===s.contentWindow&&(s.removeAttribute(\"style\"),\"height\"===t.message?(1e3<(r=parseInt(t.value,10))?r=1e3:~~r<200&&(r=200),s.height=r):\"link\"===t.message&&(r=new URL(s.getAttribute(\"src\")),n=new URL(t.value),c.test(n.protocol))&&n.host===r.host&&l.activeElement===s&&(d.top.location.href=t.value))}},d.addEventListener(\"message\",d.wp.receiveEmbedMessage,!1),l.addEventListener(\"DOMContentLoaded\",function(){for(var e,t,s=l.querySelectorAll(\"iframe.wp-embedded-content\"),r=0;r<s.length;r++)(t=(e=s[r]).getAttribute(\"data-secret\"))||(t=Math.random().toString(36).substring(2,12),e.src+=\"#?secret=\"+t,e.setAttribute(\"data-secret\",t)),e.contentWindow.postMessage({message:\"ready\",secret:t},\"*\")},!1)))}(window,document);\n\/* ]]> *\/\n<\/script>\n","thumbnail_url":"https:\/\/labs.100x100.net\/projects\/rutasal\/custom\/uploads\/2016\/01\/17008562655_c4706b7121_z.jpg","thumbnail_width":640,"thumbnail_height":460,"description":"La 29 edici\u00f3n de La Ruta de la Sal se present\u00f3 en Fitur en el stand de IBIZA, junto con las dem\u00e1s pruebas deportivas que tienen lugar en la Isla. Bajo el eslogan de SPORT IBIZA TE se present\u00f3: -. La XXIX Edici\u00f3n de La Ruta de la Sal -.La vuelta a Ibiza en Mountainbike [&hellip;]"}

La 29 edición de La Ruta de la Sal se presentó en Fitur en el stand de IBIZA, junto con las demás pruebas deportivas que tienen lugar en la Isla. Bajo el eslogan de SPORT IBIZA TE se presentó: -. La XXIX Edición de La Ruta de la Sal -.La vuelta a Ibiza en Mountainbike [&hellip;]
