{"version":"1.0","provider_name":"Regata La Ruta de la Sal","provider_url":"https:\/\/labs.100x100.net\/projects\/rutasal","title":"La Ruta de la Sal. Abril 2019 | Regata La Ruta de la Sal","type":"rich","width":600,"height":338,"html":"<blockquote class=\"wp-embedded-content\" data-secret=\"gEZaeqmiC6\"><a href=\"https:\/\/labs.100x100.net\/projects\/rutasal\/la-ruta-de-la-sal-abril-2019\/\">La Ruta de la Sal. Abril 2019<\/a><\/blockquote><iframe sandbox=\"allow-scripts\" security=\"restricted\" src=\"https:\/\/labs.100x100.net\/projects\/rutasal\/la-ruta-de-la-sal-abril-2019\/embed\/#?secret=gEZaeqmiC6\" width=\"600\" height=\"338\" title=\"\u00abLa Ruta de la Sal. Abril 2019\u00bb \u2014 Regata La Ruta de la Sal\" data-secret=\"gEZaeqmiC6\" frameborder=\"0\" marginwidth=\"0\" marginheight=\"0\" scrolling=\"no\" class=\"wp-embedded-content\"><\/iframe><script type=\"text\/javascript\">\n\/* <![CDATA[ *\/\n\/*! This file is auto-generated *\/\n!function(d,l){\"use strict\";l.querySelector&&d.addEventListener&&\"undefined\"!=typeof URL&&(d.wp=d.wp||{},d.wp.receiveEmbedMessage||(d.wp.receiveEmbedMessage=function(e){var t=e.data;if((t||t.secret||t.message||t.value)&&!\/[^a-zA-Z0-9]\/.test(t.secret)){for(var s,r,n,a=l.querySelectorAll('iframe[data-secret=\"'+t.secret+'\"]'),o=l.querySelectorAll('blockquote[data-secret=\"'+t.secret+'\"]'),c=new RegExp(\"^https?:$\",\"i\"),i=0;i<o.length;i++)o[i].style.display=\"none\";for(i=0;i<a.length;i++)s=a[i],e.source===s.contentWindow&&(s.removeAttribute(\"style\"),\"height\"===t.message?(1e3<(r=parseInt(t.value,10))?r=1e3:~~r<200&&(r=200),s.height=r):\"link\"===t.message&&(r=new URL(s.getAttribute(\"src\")),n=new URL(t.value),c.test(n.protocol))&&n.host===r.host&&l.activeElement===s&&(d.top.location.href=t.value))}},d.addEventListener(\"message\",d.wp.receiveEmbedMessage,!1),l.addEventListener(\"DOMContentLoaded\",function(){for(var e,t,s=l.querySelectorAll(\"iframe.wp-embedded-content\"),r=0;r<s.length;r++)(t=(e=s[r]).getAttribute(\"data-secret\"))||(t=Math.random().toString(36).substring(2,12),e.src+=\"#?secret=\"+t,e.setAttribute(\"data-secret\",t)),e.contentWindow.postMessage({message:\"ready\",secret:t},\"*\")},!1)))}(window,document);\n\/* ]]> *\/\n<\/script>\n","thumbnail_url":"https:\/\/labs.100x100.net\/projects\/rutasal\/custom\/uploads\/2019\/03\/ruta-de-la-sal-2015.png","thumbnail_width":774,"thumbnail_height":521,"description":"A 3 meses de la salida 50% de plazas reservadas. Una vez m\u00e1s La Ruta de la Sal tiene gran inter\u00e9s y aceptaci\u00f3n entre los navegantes, que tienen como objetivo participar en este gran encuentro, en San Antonio, Ibiza, con motivo de la Semana Santa. Entre otros el Marjuin, ganador de la edici\u00f3n anterior, Versi\u00f3n [&hellip;]"}

A 3 meses de la salida 50% de plazas reservadas. Una vez más La Ruta de la Sal tiene gran interés y aceptación entre los navegantes, que tienen como objetivo participar en este gran encuentro, en San Antonio, Ibiza, con motivo de la Semana Santa. Entre otros el Marjuin, ganador de la edición anterior, Versión [&hellip;]
