{"version":"1.0","provider_name":"Regata La Ruta de la Sal","provider_url":"https:\/\/labs.100x100.net\/projects\/rutasal","title":"La Ruta de la Sal se presenta en el marco de Fitur de la mano del Consell de Ibiza y con Guillermo Altadill como embajador","type":"rich","width":600,"height":338,"html":"<blockquote class=\"wp-embedded-content\" data-secret=\"cEswVKuuy3\"><a href=\"https:\/\/labs.100x100.net\/projects\/rutasal\/fitur\/\">La Ruta de la Sal se presenta en el marco de Fitur de la mano del  Consell de Ibiza y con Guillermo Altadill como embajador<\/a><\/blockquote><iframe sandbox=\"allow-scripts\" security=\"restricted\" src=\"https:\/\/labs.100x100.net\/projects\/rutasal\/fitur\/embed\/#?secret=cEswVKuuy3\" width=\"600\" height=\"338\" title=\"\u00abLa Ruta de la Sal se presenta en el marco de Fitur de la mano del  Consell de Ibiza y con Guillermo Altadill como embajador\u00bb \u2014 Regata La Ruta de la Sal\" data-secret=\"cEswVKuuy3\" frameborder=\"0\" marginwidth=\"0\" marginheight=\"0\" scrolling=\"no\" class=\"wp-embedded-content\"><\/iframe><script type=\"text\/javascript\">\n\/* <![CDATA[ *\/\n\/*! This file is auto-generated *\/\n!function(d,l){\"use strict\";l.querySelector&&d.addEventListener&&\"undefined\"!=typeof URL&&(d.wp=d.wp||{},d.wp.receiveEmbedMessage||(d.wp.receiveEmbedMessage=function(e){var t=e.data;if((t||t.secret||t.message||t.value)&&!\/[^a-zA-Z0-9]\/.test(t.secret)){for(var s,r,n,a=l.querySelectorAll('iframe[data-secret=\"'+t.secret+'\"]'),o=l.querySelectorAll('blockquote[data-secret=\"'+t.secret+'\"]'),c=new RegExp(\"^https?:$\",\"i\"),i=0;i<o.length;i++)o[i].style.display=\"none\";for(i=0;i<a.length;i++)s=a[i],e.source===s.contentWindow&&(s.removeAttribute(\"style\"),\"height\"===t.message?(1e3<(r=parseInt(t.value,10))?r=1e3:~~r<200&&(r=200),s.height=r):\"link\"===t.message&&(r=new URL(s.getAttribute(\"src\")),n=new URL(t.value),c.test(n.protocol))&&n.host===r.host&&l.activeElement===s&&(d.top.location.href=t.value))}},d.addEventListener(\"message\",d.wp.receiveEmbedMessage,!1),l.addEventListener(\"DOMContentLoaded\",function(){for(var e,t,s=l.querySelectorAll(\"iframe.wp-embedded-content\"),r=0;r<s.length;r++)(t=(e=s[r]).getAttribute(\"data-secret\"))||(t=Math.random().toString(36).substring(2,12),e.src+=\"#?secret=\"+t,e.setAttribute(\"data-secret\",t)),e.contentWindow.postMessage({message:\"ready\",secret:t},\"*\")},!1)))}(window,document);\n\/* ]]> *\/\n<\/script>\n","thumbnail_url":"https:\/\/labs.100x100.net\/projects\/rutasal\/custom\/uploads\/2024\/01\/1PN0932_1.jpg","thumbnail_width":1500,"thumbnail_height":911,"description":"&nbsp; Coincidiendo con la celebraci\u00f3n de FITUR, el Consell de Ibiza organiz\u00f3 en Madrid la presentaci\u00f3n de la agenda deportiva de 2024 y los nueve eventos deportivos declarados de inter\u00e9s tur\u00edstico insular, entre los que se encuentra La Ruta de la Sal como evento n\u00e1utico de referencia de la isla. Esta regata de altura destaca, [&hellip;]"}

&nbsp; Coincidiendo con la celebración de FITUR, el Consell de Ibiza organizó en Madrid la presentación de la agenda deportiva de 2024 y los nueve eventos deportivos declarados de interés turístico insular, entre los que se encuentra La Ruta de la Sal como evento náutico de referencia de la isla. Esta regata de altura destaca, [&hellip;]
