{"version":"1.0","provider_name":"Regata La Ruta de la Sal","provider_url":"https:\/\/labs.100x100.net\/projects\/rutasal","title":"COMIENZA LA AVENTURA...: RUMBO A IBIZA!!!! | Regata La Ruta de la Sal","type":"rich","width":600,"height":338,"html":"<blockquote class=\"wp-embedded-content\" data-secret=\"NiJsjtZYUw\"><a href=\"https:\/\/labs.100x100.net\/projects\/rutasal\/comienza-la-aventura-rumbo-a-ibiza\/\">COMIENZA LA AVENTURA&#8230;: RUMBO A IBIZA!!!!<\/a><\/blockquote><iframe sandbox=\"allow-scripts\" security=\"restricted\" src=\"https:\/\/labs.100x100.net\/projects\/rutasal\/comienza-la-aventura-rumbo-a-ibiza\/embed\/#?secret=NiJsjtZYUw\" width=\"600\" height=\"338\" title=\"\u00abCOMIENZA LA AVENTURA&#8230;: RUMBO A IBIZA!!!!\u00bb \u2014 Regata La Ruta de la Sal\" data-secret=\"NiJsjtZYUw\" frameborder=\"0\" marginwidth=\"0\" marginheight=\"0\" scrolling=\"no\" class=\"wp-embedded-content\"><\/iframe><script type=\"text\/javascript\">\n\/* <![CDATA[ *\/\n\/*! This file is auto-generated *\/\n!function(d,l){\"use strict\";l.querySelector&&d.addEventListener&&\"undefined\"!=typeof URL&&(d.wp=d.wp||{},d.wp.receiveEmbedMessage||(d.wp.receiveEmbedMessage=function(e){var t=e.data;if((t||t.secret||t.message||t.value)&&!\/[^a-zA-Z0-9]\/.test(t.secret)){for(var s,r,n,a=l.querySelectorAll('iframe[data-secret=\"'+t.secret+'\"]'),o=l.querySelectorAll('blockquote[data-secret=\"'+t.secret+'\"]'),c=new RegExp(\"^https?:$\",\"i\"),i=0;i<o.length;i++)o[i].style.display=\"none\";for(i=0;i<a.length;i++)s=a[i],e.source===s.contentWindow&&(s.removeAttribute(\"style\"),\"height\"===t.message?(1e3<(r=parseInt(t.value,10))?r=1e3:~~r<200&&(r=200),s.height=r):\"link\"===t.message&&(r=new URL(s.getAttribute(\"src\")),n=new URL(t.value),c.test(n.protocol))&&n.host===r.host&&l.activeElement===s&&(d.top.location.href=t.value))}},d.addEventListener(\"message\",d.wp.receiveEmbedMessage,!1),l.addEventListener(\"DOMContentLoaded\",function(){for(var e,t,s=l.querySelectorAll(\"iframe.wp-embedded-content\"),r=0;r<s.length;r++)(t=(e=s[r]).getAttribute(\"data-secret\"))||(t=Math.random().toString(36).substring(2,12),e.src+=\"#?secret=\"+t,e.setAttribute(\"data-secret\",t)),e.contentWindow.postMessage({message:\"ready\",secret:t},\"*\")},!1)))}(window,document);\n\/* ]]> *\/\n<\/script>\n","thumbnail_url":"https:\/\/labs.100x100.net\/projects\/rutasal\/custom\/uploads\/2017\/10\/37021787064_c1368809a8.jpg","thumbnail_width":500,"thumbnail_height":334,"description":"Presentada la edici\u00f3n XXI de La Ruta de la Sal en Sal\u00f3n N\u00e1utico Internacional de Barcelona &nbsp; Hoy viernes 13 de octubre se ha presentado oficialmente en el\u00a0 \u201cEspai del Mar\u201d\u00a0 del\u00a0 Sal\u00f3n N\u00e1utico Internacional de Barcelona\u00a0 la regata de altura La Ruta de La Sal 2018, regata fundada por Pepe Ferr\u00e9s; Acto que ha [&hellip;]"}

Presentada la edición XXI de La Ruta de la Sal en Salón Náutico Internacional de Barcelona &nbsp; Hoy viernes 13 de octubre se ha presentado oficialmente en el  “Espai del Mar”  del  Salón Náutico Internacional de Barcelona  la regata de altura La Ruta de La Sal 2018, regata fundada por Pepe Ferrés; Acto que ha [&hellip;]
