{"id":1048,"date":"2025-10-02T19:09:26","date_gmt":"2025-10-02T17:09:26","guid":{"rendered":"https:\/\/labs.100x100.net\/projects\/impulsosolar\/?page_id=1048"},"modified":"2026-03-20T20:39:47","modified_gmt":"2026-03-20T19:39:47","slug":"financament","status":"publish","type":"page","link":"https:\/\/labs.100x100.net\/projects\/impulsosolar\/serveis-addicionals\/financament\/","title":{"rendered":"Finan\u00e7ament"},"content":{"rendered":"","protected":false},"excerpt":{"rendered":"","protected":false},"author":1,"featured_media":0,"parent":981,"menu_order":0,"comment_status":"closed","ping_status":"closed","template":"page-service-aditional.php","meta":{"_acf_changed":false,"footnotes":""},"class_list":["post-1048","page","type-page","status-publish","hentry"],"acf":[],"yoast_head":"<!-- This site is optimized with the Yoast SEO plugin v26.0 - https:\/\/yoast.com\/wordpress\/plugins\/seo\/ -->\n<title>Finan\u00e7ament - Impulso Solar<\/title>\n<meta name=\"description\" content=\"Oferim solucions fotovoltaiques clau en m\u00e0 per a naus industrials i empreses amb opcions de finan\u00e7ament flexibles segons les teves necessitats.\" \/>\n<meta name=\"robots\" content=\"noindex, follow, max-snippet:-1, max-image-preview:large, max-video-preview:-1\" \/>\n<meta property=\"og:locale\" content=\"ca_ES\" \/>\n<meta property=\"og:type\" content=\"article\" \/>\n<meta property=\"og:title\" content=\"Finan\u00e7ament - Impulso Solar\" \/>\n<meta property=\"og:description\" content=\"Oferim solucions fotovoltaiques clau en m\u00e0 per a naus industrials i empreses amb opcions de finan\u00e7ament flexibles segons les teves necessitats.\" \/>\n<meta property=\"og:url\" content=\"https:\/\/labs.100x100.net\/projects\/impulsosolar\/serveis-addicionals\/financament\/\" \/>\n<meta property=\"og:site_name\" content=\"Impulso Solar\" \/>\n<meta property=\"article:modified_time\" content=\"2026-03-20T19:39:47+00:00\" \/>\n<meta name=\"twitter:card\" content=\"summary_large_image\" \/>\n<script type=\"application\/ld+json\" class=\"yoast-schema-graph\">{\"@context\":\"https:\/\/schema.org\",\"@graph\":[{\"@type\":\"WebPage\",\"@id\":\"https:\/\/labs.100x100.net\/projects\/impulsosolar\/serveis-addicionals\/financament\/\",\"url\":\"https:\/\/labs.100x100.net\/projects\/impulsosolar\/serveis-addicionals\/financament\/\",\"name\":\"Finan\u00e7ament - Impulso Solar\",\"isPartOf\":{\"@id\":\"https:\/\/labs.100x100.net\/projects\/impulsosolar\/#website\"},\"datePublished\":\"2025-10-02T17:09:26+00:00\",\"dateModified\":\"2026-03-20T19:39:47+00:00\",\"description\":\"Oferim solucions fotovoltaiques clau en m\u00e0 per a naus industrials i empreses amb opcions de finan\u00e7ament flexibles segons les teves necessitats.\",\"breadcrumb\":{\"@id\":\"https:\/\/labs.100x100.net\/projects\/impulsosolar\/serveis-addicionals\/financament\/#breadcrumb\"},\"inLanguage\":\"ca\",\"potentialAction\":[{\"@type\":\"ReadAction\",\"target\":[\"https:\/\/labs.100x100.net\/projects\/impulsosolar\/serveis-addicionals\/financament\/\"]}]},{\"@type\":\"BreadcrumbList\",\"@id\":\"https:\/\/labs.100x100.net\/projects\/impulsosolar\/serveis-addicionals\/financament\/#breadcrumb\",\"itemListElement\":[{\"@type\":\"ListItem\",\"position\":1,\"name\":\"Inici\",\"item\":\"https:\/\/labs.100x100.net\/projects\/impulsosolar\/\"},{\"@type\":\"ListItem\",\"position\":2,\"name\":\"Serveis-addicionals\",\"item\":\"https:\/\/labs.100x100.net\/projects\/impulsosolar\/serveis-addicionals\/\"},{\"@type\":\"ListItem\",\"position\":3,\"name\":\"Finan\u00e7ament\"}]},{\"@type\":\"WebSite\",\"@id\":\"https:\/\/labs.100x100.net\/projects\/impulsosolar\/#website\",\"url\":\"https:\/\/labs.100x100.net\/projects\/impulsosolar\/\",\"name\":\"Impulso Solar\",\"description\":\"\",\"potentialAction\":[{\"@type\":\"SearchAction\",\"target\":{\"@type\":\"EntryPoint\",\"urlTemplate\":\"https:\/\/labs.100x100.net\/projects\/impulsosolar\/?s={search_term_string}\"},\"query-input\":{\"@type\":\"PropertyValueSpecification\",\"valueRequired\":true,\"valueName\":\"search_term_string\"}}],\"inLanguage\":\"ca\"}]}<\/script>\n<!-- \/ Yoast SEO plugin. -->","yoast_head_json":{"title":"Finan\u00e7ament - Impulso Solar","description":"Oferim solucions fotovoltaiques clau en m\u00e0 per a naus industrials i empreses amb opcions de finan\u00e7ament flexibles segons les teves necessitats.","robots":{"index":"noindex","follow":"follow","max-snippet":"max-snippet:-1","max-image-preview":"max-image-preview:large","max-video-preview":"max-video-preview:-1"},"og_locale":"ca_ES","og_type":"article","og_title":"Finan\u00e7ament - Impulso Solar","og_description":"Oferim solucions fotovoltaiques clau en m\u00e0 per a naus industrials i empreses amb opcions de finan\u00e7ament flexibles segons les teves necessitats.","og_url":"https:\/\/labs.100x100.net\/projects\/impulsosolar\/serveis-addicionals\/financament\/","og_site_name":"Impulso Solar","article_modified_time":"2026-03-20T19:39:47+00:00","twitter_card":"summary_large_image","schema":{"@context":"https:\/\/schema.org","@graph":[{"@type":"WebPage","@id":"https:\/\/labs.100x100.net\/projects\/impulsosolar\/serveis-addicionals\/financament\/","url":"https:\/\/labs.100x100.net\/projects\/impulsosolar\/serveis-addicionals\/financament\/","name":"Finan\u00e7ament - Impulso Solar","isPartOf":{"@id":"https:\/\/labs.100x100.net\/projects\/impulsosolar\/#website"},"datePublished":"2025-10-02T17:09:26+00:00","dateModified":"2026-03-20T19:39:47+00:00","description":"Oferim solucions fotovoltaiques clau en m\u00e0 per a naus industrials i empreses amb opcions de finan\u00e7ament flexibles segons les teves necessitats.","breadcrumb":{"@id":"https:\/\/labs.100x100.net\/projects\/impulsosolar\/serveis-addicionals\/financament\/#breadcrumb"},"inLanguage":"ca","potentialAction":[{"@type":"ReadAction","target":["https:\/\/labs.100x100.net\/projects\/impulsosolar\/serveis-addicionals\/financament\/"]}]},{"@type":"BreadcrumbList","@id":"https:\/\/labs.100x100.net\/projects\/impulsosolar\/serveis-addicionals\/financament\/#breadcrumb","itemListElement":[{"@type":"ListItem","position":1,"name":"Inici","item":"https:\/\/labs.100x100.net\/projects\/impulsosolar\/"},{"@type":"ListItem","position":2,"name":"Serveis-addicionals","item":"https:\/\/labs.100x100.net\/projects\/impulsosolar\/serveis-addicionals\/"},{"@type":"ListItem","position":3,"name":"Finan\u00e7ament"}]},{"@type":"WebSite","@id":"https:\/\/labs.100x100.net\/projects\/impulsosolar\/#website","url":"https:\/\/labs.100x100.net\/projects\/impulsosolar\/","name":"Impulso Solar","description":"","potentialAction":[{"@type":"SearchAction","target":{"@type":"EntryPoint","urlTemplate":"https:\/\/labs.100x100.net\/projects\/impulsosolar\/?s={search_term_string}"},"query-input":{"@type":"PropertyValueSpecification","valueRequired":true,"valueName":"search_term_string"}}],"inLanguage":"ca"}]}},"_links":{"self":[{"href":"https:\/\/labs.100x100.net\/projects\/impulsosolar\/wp-json\/wp\/v2\/pages\/1048","targetHints":{"allow":["GET"]}}],"collection":[{"href":"https:\/\/labs.100x100.net\/projects\/impulsosolar\/wp-json\/wp\/v2\/pages"}],"about":[{"href":"https:\/\/labs.100x100.net\/projects\/impulsosolar\/wp-json\/wp\/v2\/types\/page"}],"author":[{"embeddable":true,"href":"https:\/\/labs.100x100.net\/projects\/impulsosolar\/wp-json\/wp\/v2\/users\/1"}],"replies":[{"embeddable":true,"href":"https:\/\/labs.100x100.net\/projects\/impulsosolar\/wp-json\/wp\/v2\/comments?post=1048"}],"version-history":[{"count":10,"href":"https:\/\/labs.100x100.net\/projects\/impulsosolar\/wp-json\/wp\/v2\/pages\/1048\/revisions"}],"predecessor-version":[{"id":2314,"href":"https:\/\/labs.100x100.net\/projects\/impulsosolar\/wp-json\/wp\/v2\/pages\/1048\/revisions\/2314"}],"up":[{"embeddable":true,"href":"https:\/\/labs.100x100.net\/projects\/impulsosolar\/wp-json\/wp\/v2\/pages\/981"}],"wp:attachment":[{"href":"https:\/\/labs.100x100.net\/projects\/impulsosolar\/wp-json\/wp\/v2\/media?parent=1048"}],"curies":[{"name":"wp","href":"https:\/\/api.w.org\/{rel}","templated":true}]}}