{"id":85,"date":"2025-05-30T09:44:06","date_gmt":"2025-05-30T07:44:06","guid":{"rendered":"https:\/\/labs.100x100.net\/projects\/enregata\/?page_id=85"},"modified":"2025-06-13T13:23:02","modified_gmt":"2025-06-13T11:23:02","slug":"noticias","status":"publish","type":"page","link":"https:\/\/labs.100x100.net\/projects\/enregata\/noticias\/","title":{"rendered":"Noticias"},"content":{"rendered":"","protected":false},"excerpt":{"rendered":"","protected":false},"author":1,"featured_media":0,"parent":0,"menu_order":0,"comment_status":"closed","ping_status":"closed","template":"page-noticias.php","meta":{"_acf_changed":false,"footnotes":""},"class_list":["post-85","page","type-page","status-publish","hentry"],"acf":[],"yoast_head":"<!-- This site is optimized with the Yoast SEO plugin v25.2 - https:\/\/yoast.com\/wordpress\/plugins\/seo\/ -->\n<title>Noticias - \u00daltimas novedades sobre regatas y vela - EnRegata<\/title>\n<meta name=\"description\" content=\"Sigue las \u00faltimas noticias y novedades sobre regatas y eventos de vela organizados por Eventos N\u00e1uticos Regata en Espa\u00f1a y el Mediterr\u00e1neo.\" \/>\n<meta name=\"robots\" content=\"noindex, follow, max-snippet:-1, max-image-preview:large, max-video-preview:-1\" \/>\n<meta property=\"og:locale\" content=\"es_ES\" \/>\n<meta property=\"og:type\" content=\"article\" \/>\n<meta property=\"og:title\" content=\"Noticias - \u00daltimas novedades sobre regatas y vela - EnRegata\" \/>\n<meta property=\"og:description\" content=\"Sigue las \u00faltimas noticias y novedades sobre regatas y eventos de vela organizados por Eventos N\u00e1uticos Regata en Espa\u00f1a y el Mediterr\u00e1neo.\" \/>\n<meta property=\"og:url\" content=\"https:\/\/labs.100x100.net\/projects\/enregata\/noticias\/\" \/>\n<meta property=\"og:site_name\" content=\"EnRegata\" \/>\n<meta property=\"article:modified_time\" content=\"2025-06-13T11:23:02+00:00\" \/>\n<meta property=\"og:image\" content=\"https:\/\/hundreds-wordpress-uploads.s3.amazonaws.com\/enregata\/uploads\/2025\/06\/la_ruta_de_la_tramuntana_2025-6-e1749221793569.jpg\" \/>\n\t<meta property=\"og:image:width\" content=\"1205\" \/>\n\t<meta property=\"og:image:height\" content=\"1265\" \/>\n\t<meta property=\"og:image:type\" content=\"image\/jpeg\" \/>\n<meta name=\"twitter:card\" content=\"summary_large_image\" \/>\n<script type=\"application\/ld+json\" class=\"yoast-schema-graph\">{\"@context\":\"https:\/\/schema.org\",\"@graph\":[{\"@type\":\"WebPage\",\"@id\":\"https:\/\/labs.100x100.net\/projects\/enregata\/noticias\/\",\"url\":\"https:\/\/labs.100x100.net\/projects\/enregata\/noticias\/\",\"name\":\"Noticias - \u00daltimas novedades sobre regatas y vela - EnRegata\",\"isPartOf\":{\"@id\":\"https:\/\/labs.100x100.net\/projects\/enregata\/#website\"},\"datePublished\":\"2025-05-30T07:44:06+00:00\",\"dateModified\":\"2025-06-13T11:23:02+00:00\",\"description\":\"Sigue las \u00faltimas noticias y novedades sobre regatas y eventos de vela organizados por Eventos N\u00e1uticos Regata en Espa\u00f1a y el Mediterr\u00e1neo.\",\"breadcrumb\":{\"@id\":\"https:\/\/labs.100x100.net\/projects\/enregata\/noticias\/#breadcrumb\"},\"inLanguage\":\"es\",\"potentialAction\":[{\"@type\":\"ReadAction\",\"target\":[\"https:\/\/labs.100x100.net\/projects\/enregata\/noticias\/\"]}]},{\"@type\":\"BreadcrumbList\",\"@id\":\"https:\/\/labs.100x100.net\/projects\/enregata\/noticias\/#breadcrumb\",\"itemListElement\":[{\"@type\":\"ListItem\",\"position\":1,\"name\":\"Home\",\"item\":\"https:\/\/labs.100x100.net\/projects\/enregata\/\"},{\"@type\":\"ListItem\",\"position\":2,\"name\":\"Noticias\"}]},{\"@type\":\"WebSite\",\"@id\":\"https:\/\/labs.100x100.net\/projects\/enregata\/#website\",\"url\":\"https:\/\/labs.100x100.net\/projects\/enregata\/\",\"name\":\"EnRegata\",\"description\":\"\",\"potentialAction\":[{\"@type\":\"SearchAction\",\"target\":{\"@type\":\"EntryPoint\",\"urlTemplate\":\"https:\/\/labs.100x100.net\/projects\/enregata\/?s={search_term_string}\"},\"query-input\":{\"@type\":\"PropertyValueSpecification\",\"valueRequired\":true,\"valueName\":\"search_term_string\"}}],\"inLanguage\":\"es\"}]}<\/script>\n<!-- \/ Yoast SEO plugin. -->","yoast_head_json":{"title":"Noticias - \u00daltimas novedades sobre regatas y vela - EnRegata","description":"Sigue las \u00faltimas noticias y novedades sobre regatas y eventos de vela organizados por Eventos N\u00e1uticos Regata en Espa\u00f1a y el Mediterr\u00e1neo.","robots":{"index":"noindex","follow":"follow","max-snippet":"max-snippet:-1","max-image-preview":"max-image-preview:large","max-video-preview":"max-video-preview:-1"},"og_locale":"es_ES","og_type":"article","og_title":"Noticias - \u00daltimas novedades sobre regatas y vela - EnRegata","og_description":"Sigue las \u00faltimas noticias y novedades sobre regatas y eventos de vela organizados por Eventos N\u00e1uticos Regata en Espa\u00f1a y el Mediterr\u00e1neo.","og_url":"https:\/\/labs.100x100.net\/projects\/enregata\/noticias\/","og_site_name":"EnRegata","article_modified_time":"2025-06-13T11:23:02+00:00","og_image":[{"width":1205,"height":1265,"url":"https:\/\/hundreds-wordpress-uploads.s3.amazonaws.com\/enregata\/uploads\/2025\/06\/la_ruta_de_la_tramuntana_2025-6-e1749221793569.jpg","type":"image\/jpeg"}],"twitter_card":"summary_large_image","schema":{"@context":"https:\/\/schema.org","@graph":[{"@type":"WebPage","@id":"https:\/\/labs.100x100.net\/projects\/enregata\/noticias\/","url":"https:\/\/labs.100x100.net\/projects\/enregata\/noticias\/","name":"Noticias - \u00daltimas novedades sobre regatas y vela - EnRegata","isPartOf":{"@id":"https:\/\/labs.100x100.net\/projects\/enregata\/#website"},"datePublished":"2025-05-30T07:44:06+00:00","dateModified":"2025-06-13T11:23:02+00:00","description":"Sigue las \u00faltimas noticias y novedades sobre regatas y eventos de vela organizados por Eventos N\u00e1uticos Regata en Espa\u00f1a y el Mediterr\u00e1neo.","breadcrumb":{"@id":"https:\/\/labs.100x100.net\/projects\/enregata\/noticias\/#breadcrumb"},"inLanguage":"es","potentialAction":[{"@type":"ReadAction","target":["https:\/\/labs.100x100.net\/projects\/enregata\/noticias\/"]}]},{"@type":"BreadcrumbList","@id":"https:\/\/labs.100x100.net\/projects\/enregata\/noticias\/#breadcrumb","itemListElement":[{"@type":"ListItem","position":1,"name":"Home","item":"https:\/\/labs.100x100.net\/projects\/enregata\/"},{"@type":"ListItem","position":2,"name":"Noticias"}]},{"@type":"WebSite","@id":"https:\/\/labs.100x100.net\/projects\/enregata\/#website","url":"https:\/\/labs.100x100.net\/projects\/enregata\/","name":"EnRegata","description":"","potentialAction":[{"@type":"SearchAction","target":{"@type":"EntryPoint","urlTemplate":"https:\/\/labs.100x100.net\/projects\/enregata\/?s={search_term_string}"},"query-input":{"@type":"PropertyValueSpecification","valueRequired":true,"valueName":"search_term_string"}}],"inLanguage":"es"}]}},"_links":{"self":[{"href":"https:\/\/labs.100x100.net\/projects\/enregata\/wp-json\/wp\/v2\/pages\/85","targetHints":{"allow":["GET"]}}],"collection":[{"href":"https:\/\/labs.100x100.net\/projects\/enregata\/wp-json\/wp\/v2\/pages"}],"about":[{"href":"https:\/\/labs.100x100.net\/projects\/enregata\/wp-json\/wp\/v2\/types\/page"}],"author":[{"embeddable":true,"href":"https:\/\/labs.100x100.net\/projects\/enregata\/wp-json\/wp\/v2\/users\/1"}],"replies":[{"embeddable":true,"href":"https:\/\/labs.100x100.net\/projects\/enregata\/wp-json\/wp\/v2\/comments?post=85"}],"version-history":[{"count":1,"href":"https:\/\/labs.100x100.net\/projects\/enregata\/wp-json\/wp\/v2\/pages\/85\/revisions"}],"predecessor-version":[{"id":86,"href":"https:\/\/labs.100x100.net\/projects\/enregata\/wp-json\/wp\/v2\/pages\/85\/revisions\/86"}],"wp:attachment":[{"href":"https:\/\/labs.100x100.net\/projects\/enregata\/wp-json\/wp\/v2\/media?parent=85"}],"curies":[{"name":"wp","href":"https:\/\/api.w.org\/{rel}","templated":true}]}}