{"id":72,"date":"2018-06-21T10:18:17","date_gmt":"2018-06-21T10:18:17","guid":{"rendered":"http:\/\/calisidre.com\/?page_id=72"},"modified":"2018-07-03T14:12:30","modified_gmt":"2018-07-03T14:12:30","slug":"avis-legal","status":"publish","type":"page","link":"https:\/\/labs.100x100.net\/projects\/calisidre\/avis-legal\/","title":{"rendered":"Av\u00eds Legal"},"content":{"rendered":"<p><strong>INFORMACI\u00d3 LEGAL<\/strong><br \/>\n&nbsp;<\/p>\n<p>En compliment de la Llei 34\/2002, d&#8217;11 de juliol, de Serveis de la Societat de la Informaci\u00f3 i de Comer\u00e7 Electr\u00f2nic (LSSI-CE), TUYOTU SL, d&#8217;ara endavant CA L\u2019ISIDRE, informa que \u00e9s titular del lloc web www.calisidre.com. D&#8217;acord amb l&#8217;exig\u00e8ncia de l&#8217;article 10 de la citada Llei, CA L\u2019ISIDRE informa de les seg\u00fcents dades:<\/p>\n<p>El titular d&#8217;aquest lloc web \u00e9s TUYOTU SL, amb CIF B62611116 i domicili social en C\/ ELS FLORS 10 &#8211; 12, 08001 BARCELONA, inscrita en el Registre Mercantil, en el tom 33714, foli 67, fulla B235176 i inscripci\u00f3 1. L&#8217;adre\u00e7a de correu electr\u00f2nic de contacte amb l&#8217;empresa \u00e9s: info@calisidre.com.<\/p>\n<p>&nbsp;<br \/>\n&nbsp;<\/p>\n<p><strong>USUARI I R\u00c8GIM DE RESPONSABILITATS<\/strong><br \/>\n&nbsp;<br \/>\nLa navegaci\u00f3, acc\u00e9s i \u00fas pel lloc web de CA L\u2019ISIDRE confereix la condici\u00f3 d&#8217;usuari, per la qual s&#8217;accepten, des de la navegaci\u00f3 pel lloc web de CA L\u2019ISIDRE, totes les condicions d&#8217;\u00fas aqu\u00ed establertes sense perjudici de l&#8217;aplicaci\u00f3 de la corresponent normativa d&#8217;obligat compliment legal segons el cas.<\/p>\n<p>El lloc web de CA L\u2019ISIDRE proporciona gran diversitat d&#8217;informaci\u00f3, serveis i dades. L&#8217;usuari assumeix la seva responsabilitat en l&#8217;\u00fas correcte del lloc web. Aquesta responsabilitat s&#8217;estendr\u00e0 a:<\/p>\n<p>&#8211; La veracitat i licitud de les informacions aportades per l&#8217;usuari en els formularis estesos per CA L\u2019ISIDRE per a l&#8217;acc\u00e9s a certs continguts o serveis oferts pel web.<\/p>\n<p>&#8211; L&#8217;\u00fas de la informaci\u00f3, serveis i dades ofertes per CA L\u2019ISIDRE contr\u00e0riament al que es disposa per les presents condicions, la Llei, la moral, els bons costums o l&#8217;ordre p\u00fablic, o que de qualsevol altra manera puguin suposar lesi\u00f3 dels drets de tercers o del mateix funcionament del lloc web.<\/p>\n<p>&nbsp;<br \/>\n&nbsp;<\/p>\n<p><strong>POL\u00cdTICA D&#8217;ENLLA\u00c7OS I EXEMPCIONS DE RESPONSABILITAT<\/strong><br \/>\n&nbsp;<br \/>\nCA L\u2019ISIDRE no es fa responsable del contingut dels llocs web als quals l&#8217;usuari pugui accedir a trav\u00e9s dels enlla\u00e7os establerts en el seu lloc web i declara que en cap cas procedir\u00e0 a examinar o exercitar cap tipus de control sobre el contingut d&#8217;altres llocs de la xarxa. Aix\u00ed mateix, tampoc garantir\u00e0 la disponibilitat t\u00e8cnica, exactitud, veracitat, validesa o legalitat de llocs aliens a la seva propietat als quals es pugui accedir per mitj\u00e0 dels enlla\u00e7os.<\/p>\n<p>CA L\u2019ISIDRE declara haver adoptat totes les mesures necess\u00e0ries per evitar qualsevol dany als usuaris del seu lloc web, que poguessin derivar-se de la navegaci\u00f3 pel seu lloc web. En conseq\u00fc\u00e8ncia, CA L\u2019ISIDRE no es fa responsable, en cap cas, dels eventuals danys que per la navegaci\u00f3 per Internet pogu\u00e9s sofrir l&#8217;usuari.<\/p>\n<p>&nbsp;<br \/>\n&nbsp;<\/p>\n<p><strong>MODIFICACIONS<\/strong><br \/>\n&nbsp;<br \/>\nCA L\u2019ISIDRE es reserva el dret a realitzar les modificacions que consideri oportunes, sense av\u00eds previ, en el contingut del seu lloc web. Tant referent als continguts del lloc web, com en les condicions d&#8217;\u00fas del mateix. Aquestes modificacions podran realitzar-se a trav\u00e9s del seu lloc web per qualsevol forma admissible en dret i seran d&#8217;obligat compliment durant el temps en qu\u00e8 es trobin publicades a la web i fins que no siguin modificades v\u00e0lidament per altres posteriors.<\/p>\n<p>&nbsp;<br \/>\n&nbsp;<\/p>\n<p><strong>PROPIETAT INTEL\u00b7LECTUAL I INDUSTRIAL<\/strong><br \/>\n&nbsp;<br \/>\nCA L\u2019ISIDRE per si mateixa o com a cession\u00e0ria, \u00e9s titular de tots els drets de propietat intel\u00b7lectual i industrial de la seva p\u00e0gina web, aix\u00ed com dels elements continguts en la mateixa (a t\u00edtol enunciatiu, imatges, so, \u00e0udio, v\u00eddeo, disseny, textos; marques, logotips, combinacions de colors, estructura i disseny, selecci\u00f3 de materials usats, etc.), titularitat de CA L\u2019ISIDRE. Seran, per tant, obres protegides com a propietat intel\u00b7lectual per l&#8217;ordenament jur\u00eddic espanyol, sent-los aplicables tant la normativa espanyola i comunit\u00e0ria en aquest camp, com els tractats internacionals relatius a la mat\u00e8ria i subscrits per Espanya.<\/p>\n<p>Tots els drets reservats. En virtut del que es disposa en els articles 8 i 32.1, par\u00e0graf segon, de la Llei de Propietat Intel\u00b7lectual, queden expressament prohibides la reproducci\u00f3, la distribuci\u00f3 i la comunicaci\u00f3 p\u00fablica, inclosa la seva modalitat de posada a disposici\u00f3, de la totalitat o part dels continguts d&#8217;aquesta p\u00e0gina web, amb finalitats comercials, en qualsevol suport i per qualsevol mitj\u00e0 t\u00e8cnic, sense l&#8217;autoritzaci\u00f3 de CA L\u2019ISIDRE.<\/p>\n<p>L&#8217;usuari es compromet a respectar els drets de Propietat Intel\u00b7lectual i Industrial titularitat de CA L\u2019ISIDRE. Podr\u00e0 visualitzar els elements del portal i fins i tot imprimir-los, copiar-los i emmagatzemar-los en el disc dur del seu ordinador o en qualsevol altre suport f\u00edsic sempre que sigui, \u00fanica i exclusivament, per al seu \u00fas personal i privat. L&#8217;usuari haur\u00e0 d&#8217;abstenir-se de suprimir, alterar, eludir o manipular qualsevol dispositiu de protecci\u00f3 o sistema de seguretat que estigu\u00e9s instal\u00b7lat a les p\u00e0gines de CA L\u2019ISIDRE.<\/p>\n","protected":false},"excerpt":{"rendered":"<p>INFORMACI\u00d3 LEGAL &nbsp; En compliment de la Llei 34\/2002, d&#8217;11 de juliol, de Serveis de la Societat de la Informaci\u00f3 i de Comer\u00e7 Electr\u00f2nic (LSSI-CE), TUYOTU SL, d&#8217;ara endavant CA L\u2019ISIDRE, informa que \u00e9s titular del lloc web www.calisidre.com. D&#8217;acord amb l&#8217;exig\u00e8ncia de l&#8217;article 10 de la citada Llei, CA L\u2019ISIDRE informa de les seg\u00fcents [&hellip;]<\/p>\n","protected":false},"author":1,"featured_media":0,"parent":0,"menu_order":0,"comment_status":"closed","ping_status":"closed","template":"legal-policy.php","meta":{"_acf_changed":false,"footnotes":""},"class_list":["post-72","page","type-page","status-publish","hentry"],"acf":[],"_links":{"self":[{"href":"https:\/\/labs.100x100.net\/projects\/calisidre\/wp-json\/wp\/v2\/pages\/72","targetHints":{"allow":["GET"]}}],"collection":[{"href":"https:\/\/labs.100x100.net\/projects\/calisidre\/wp-json\/wp\/v2\/pages"}],"about":[{"href":"https:\/\/labs.100x100.net\/projects\/calisidre\/wp-json\/wp\/v2\/types\/page"}],"author":[{"embeddable":true,"href":"https:\/\/labs.100x100.net\/projects\/calisidre\/wp-json\/wp\/v2\/users\/1"}],"replies":[{"embeddable":true,"href":"https:\/\/labs.100x100.net\/projects\/calisidre\/wp-json\/wp\/v2\/comments?post=72"}],"version-history":[{"count":12,"href":"https:\/\/labs.100x100.net\/projects\/calisidre\/wp-json\/wp\/v2\/pages\/72\/revisions"}],"predecessor-version":[{"id":235,"href":"https:\/\/labs.100x100.net\/projects\/calisidre\/wp-json\/wp\/v2\/pages\/72\/revisions\/235"}],"wp:attachment":[{"href":"https:\/\/labs.100x100.net\/projects\/calisidre\/wp-json\/wp\/v2\/media?parent=72"}],"curies":[{"name":"wp","href":"https:\/\/api.w.org\/{rel}","templated":true}]}}