{"id":11,"date":"2026-03-03T16:54:01","date_gmt":"2026-03-03T15:54:01","guid":{"rendered":"https:\/\/labs.100x100.net\/projects\/anima\/?page_id=11"},"modified":"2026-03-05T14:33:13","modified_gmt":"2026-03-05T13:33:13","slug":"avis-legal","status":"publish","type":"page","link":"https:\/\/labs.100x100.net\/projects\/anima\/avis-legal\/","title":{"rendered":"Av\u00eds legal"},"content":{"rendered":"<p>IDENTITAT DEL TITULAR DEL WEB<\/p>\n<p>La identitat i la resta d\u2019informaci\u00f3 sobre la companyia titular del web s\u2019estableix a l\u2019apartat \u00abDades informatives\u00bb accessible des de la p\u00e0gina d\u2019inici d\u2019aquest web. D\u2019ara endavant es far\u00e0 refer\u00e8ncia a Produccions amb \u00c0nima, S.L. per a designar a la companyia titular del web.<\/p>\n<p>Produccions amb \u00c0nima, S.L., societat espanyola, amb domicili social a Barcelona, Carrer Hurtado, 7 entresol 1\u00aa , inscrita en el Registre Mercantil de Barcelona, al volum 34442, foli 61, plana n\u00fam. 2468000, inscripci\u00f3 1a, i prove\u00efda de C.I.F. n\u00fam. B21781513 Produccions amb \u00c0nima, S.L. \u00e9s propiet\u00e0ria del domini seg\u00fcent: https:\/\/animaelmusical.com<\/p>\n<h2>ACCEPTACI\u00d3 DE LES CONDICIONS D\u2019\u00daS<\/h2>\n<p>Aquestes condicions (d\u2019ara endavant denominades \u00abav\u00eds legal\u00bb) tenen com a objectiu regular l\u2019\u00fas d\u2019aquest web que Produccions amb \u00c0nima, S.L. posa a disposici\u00f3 del p\u00fablic a partir de la present URL.<\/p>\n<p>Si un tercer utilitza el web, a aquest se li atribueix la condici\u00f3 d\u2019usuari i suposa la plena acceptaci\u00f3 per part seva de totes i cadascuna de les condicions que s\u2019inclouen en aquest av\u00eds legal.<\/p>\n<p>Produccions amb \u00c0nima, S.L. pot oferir a trav\u00e9s del web serveis o productes que es podran trobar sotmesos a unes condicions particulars pr\u00f2pies que, segons els casos, substitueixen, completen i\/o modifiquen les presents condicions, i sobre les quals s\u2019informar\u00e0 a l\u2019usuari en cada cas concret.<\/p>\n<p>Aquest portal web ha estat dissenyat per donar a con\u00e8ixer i permetre l\u2019acc\u00e9s general de tots el usuaris a la informaci\u00f3, les activitats, els productes i els diferents serveis que ofereix Produccions amb \u00c0nima, S.L.. Es far\u00e0 refer\u00e8ncia a totes aquestes informacions, activitats, productes i diferents serveis de manera conjunta en aquest document com a \u00abContinguts\u00bb.<\/p>\n<h2>\u00daS CORRECTE DEL PORTAL WEB<\/h2>\n<p>L\u2019usuari es compromet a utilitzar el web, els continguts i els serveis de conformitat amb la Llei, el present av\u00eds legal, els bons costums i l\u2019ordre p\u00fablic. De la mateixa manera, l\u2019usuari s\u2019obliga a no utilitzar el web o els serveis que es prestin a trav\u00e9s d\u2019aquest amb una finalitat o efectes il\u00b7l\u00edcits o contraris al contingut del present av\u00eds legal, lesius dels interessos o drets de tercers, o que de qualsevol manera pugui danyar, inutilitzar o deteriorar el web o els seus serveis o impedir un \u00fas normal del web per part d\u2019altres usuaris.<\/p>\n<p>Aix\u00ed mateix, l\u2019usuari es compromet expressament a no destruir, alterar, inutilitzar o danyar de qualsevol altra manera les dades, els programes o els documents electr\u00f2nics i tot all\u00f2 que es trobi en el web de Produccions amb \u00c0nima, S.L..<\/p>\n<p>L\u2019usuari es compromet a no obstaculitzar l\u2019acc\u00e9s d\u2019altres usuaris al servei d\u2019acc\u00e9s mitjan\u00e7ant el consum massiu dels recursos inform\u00e0tics a trav\u00e9s dels quals Produccions amb \u00c0nima, S.L. presta el servei, aix\u00ed com\u00a0a realitzar accions que perjudiquin, interrompin o generin errors en els dits sistemes.<\/p>\n<p>L\u2019usuari es compromet a no introduir programes, virus, macros, applets, controls ActiveX o qualsevol altre dispositiu l\u00f2gic o seq\u00fc\u00e8ncia de car\u00e0cters que causin o siguin susceptibles de causar qualsevol tipus d\u2019alteraci\u00f3 en els sistemes inform\u00e0tics de Produccions amb \u00c0nima, S.L. o de tercers.<\/p>\n<p>Produccions amb \u00c0nima, S.L. no es fa responsable dels comentaris i les opinions introdu\u00efdes al portal web. L\u2019usuari \u00e9s conscient i accepta volunt\u00e0riament i expressament que l\u2019\u00fas del portal web es realitza en cada cas sota la seva responsabilitat \u00fanica i exclusiva.<\/p>\n<p>Durant la utilitzaci\u00f3 del portal web, l\u2019usuari es compromet a no portar a terme cap conducta que pogu\u00e9s perjudicar la imatge, els interessos i els drets de Produccions amb \u00c0nima, S.L. o de tercers o que pogu\u00e9s perjudicar, inutilitzar o sobrecarregar el portal web o que imped\u00eds, de qualsevol manera, la utilitzaci\u00f3 normal del portal web.<\/p>\n<p>Produccions amb \u00c0nima, S.L. es reserva el dret a realitzar qualsevol acci\u00f3 o operaci\u00f3 de moderaci\u00f3, incl\u00f2s l\u2019edici\u00f3 o supressi\u00f3 de missatges que consideri inapropiats. S\u2019adverteix que les operacions de moderaci\u00f3 es realitzaran de manera peri\u00f2dica i amb car\u00e0cter previ a la seva publicaci\u00f3 efectiva.<\/p>\n<p>Produccions amb \u00c0nima, S.L. es reserva el dret a posar a disposici\u00f3 judicial les adreces IP dels usuaris, als efectes indicats anteriorment, si aix\u00ed es requer\u00eds.<\/p>\n<h2>PUBLICITAT<\/h2>\n<p>Part del portal web pot incloure continguts publicitaris o b\u00e9 estar patrocinat. Els anunciants i els patrocinadors s\u00f3n els \u00fanics responsables d\u2019assegurar-se que el material que s\u2019ha proporcionat amb la finalitat de que s\u2019inclogui al web compleix amb les lleis que en cada cas puguin ser d\u2019aplicaci\u00f3. Produccions amb \u00c0nima, S.L. no es far\u00e0 responsable de cap tipus d\u2019error, inexactitud o irregularitat que puguin presentar els continguts publicitaris o dels patrocinadors.<\/p>\n<p>En tot cas, per interposar qualsevol reclamaci\u00f3 relacionada amb els continguts publicitaris inserits en aquest portal web poden dirigir-se a l\u2019adre\u00e7a de correu electr\u00f2nic seg\u00fcent: contacte@animaelmusical.com<\/p>\n<h2>PROPIETAT INTEL\u00b7LECTUAL I INDUSTRIAL<\/h2>\n<p>Tots els continguts del web, tret que s\u2019indiqui el contrari, s\u00f3n titularitat exclusiva de Produccions amb \u00c0nima, S.L. i, amb car\u00e0cter enunciatiu, que no informatiu, el disseny gr\u00e0fic, el codi de font, els logotips, els textos, els gr\u00e0fics, les il\u00b7lustracions, les fotografies i la resta d\u2019elements que apareixen al web.<\/p>\n<p>De la mateixa manera, tots els noms comercials, les marques o els senyals distintius de qualsevol tipus continguts en el web estan protegits per la Llei.<\/p>\n<p>Produccions amb \u00c0nima, S.L. no concedeix cap tipus de llic\u00e8ncia o d\u2019autoritzaci\u00f3 d\u2019\u00fas personal a l\u2019usuari sobre els seus drets de propietat intel\u00b7lectual i industrial o sobre qualsevol altre dret relacionat amb el seu web i amb els serveis que s\u2019hi ofereixen.<\/p>\n<p>Per aix\u00f2, l\u2019usuari reconeix que la reproducci\u00f3, la distribuci\u00f3, la comercialitzaci\u00f3, la transformaci\u00f3 i, en general, qualsevol altra forma d\u2019explotaci\u00f3, mitjan\u00e7ant qualsevol procediment, de tot o part dels continguts d\u2019aquest web, constitueix una infracci\u00f3 dels drets de propietat intel\u00b7lectual i\/o industrial de Produccions amb \u00c0nima, S.L. o del titular d\u2019aquests continguts.<\/p>\n<h2>R\u00c8GIM DE RESPONSABILITAT<\/h2>\n<h3>Responsabilitat per l\u2019\u00fas del web<\/h3>\n<p>L\u2019usuari \u00e9s l\u2019\u00fanic responsable de les infraccions en les quals pugui inc\u00f3rrer o dels perjudicis que pugui causar degut a la utilitzaci\u00f3 del web. D\u2019aquesta manera, Produccions amb \u00c0nima, S.L., els seus socis, les empreses del grup, els col\u00b7laboradors, els empleats i els representants queden exonerats de qualsevol tipus de responsabilitat que es pogu\u00e9s derivar de les accions de l\u2019usuari.<\/p>\n<p>Produccions amb \u00c0nima, S.L. emprar\u00e0 tots els esfor\u00e7os i mitjans raonables per facilitar informaci\u00f3 actualitzada i fefaent en el web. No obstant aix\u00f2, Produccions amb \u00c0nima, S.L. no assumeix cap garantia en relaci\u00f3 amb l\u2019abs\u00e8ncia d\u2019errors o de possibles inexactituds i\/o omissions en cap dels continguts accessibles a trav\u00e9s d\u2019aquest web.<\/p>\n<p>L\u2019usuari \u00e9s l\u2019\u00fanic responsable davant de qualsevol reclamaci\u00f3 o acci\u00f3 legal, judicial o extrajudicial iniciada per terceres persones contra Produccions amb \u00c0nima, S.L. basada en la utilitzaci\u00f3 de l\u2019usuari del web. Si escau, l\u2019usuari assumir\u00e0 totes les despeses, els costos i les indemnitzacions que siguin irrogats a Produccions amb \u00c0nima, S.L. amb motiu de les dites reclamacions o accions legals.<\/p>\n<h3>Responsabilitat pel funcionament del web<\/h3>\n<p>Produccions amb \u00c0nima, S.L. exclou tota responsabilitat que es pogu\u00e9s derivar d\u2019interfer\u00e8ncies, d\u2019omissions, d\u2019interrupcions, de virus inform\u00e0tics, d\u2019averies telef\u00f2niques o de desconnexions en el funcionament operatiu del sistema electr\u00f2nic, motivat per causes alienes a Produccions amb \u00c0nima, S.L..<\/p>\n<p>D\u2019aquesta manera, Produccions amb \u00c0nima, S.L. tamb\u00e9 exclou qualsevol responsabilitat que es pogu\u00e9s derivar de retards o bloquejos en el funcionament operatiu d\u2019aquest sistema electr\u00f2nic causat per defici\u00e8ncies o sobrec\u00e0rregues a les l\u00ednies telef\u00f2niques o a Internet, aix\u00ed com de danys causats per terceres persones per mitj\u00e0 d\u2019intromissions il\u00b7leg\u00edtimes fora del control de Produccions amb \u00c0nima, S.L..<\/p>\n<p>Produccions amb \u00c0nima, S.L. t\u00e9 la facultat de suspendre temporalment, i sense previ av\u00eds, l\u2019accessibilitat al web per realitzar operacions de manteniment, de reparaci\u00f3, d\u2019actualitzaci\u00f3 o de millora.<\/p>\n<h3>Responsabilitat per links<\/h3>\n<p>Els enlla\u00e7os o links que cont\u00e9 el web poden conduir a l\u2019usuari a altres webs gestionats per tercers.<\/p>\n<p>Produccions amb \u00c0nima, S.L. declina qualsevol responsabilitat respecte de la informaci\u00f3 que es trobi fora del web, ja que la funci\u00f3 dels enlla\u00e7os que apareixen \u00e9s nom\u00e9s la d\u2019informar a l\u2019usuari de l\u2019exist\u00e8ncia d\u2019altres fonts d\u2019informaci\u00f3 sobre un tema en concret.<\/p>\n<p>Tampoc s\u2019exigir\u00e0 cap responsabilitat a Produccions amb \u00c0nima, S.L. pel funcionament correcte d\u2019aquests enlla\u00e7os, del resultat obtingut a trav\u00e9s d\u2019aquests, de la veracitat i licitud del contingut o de la informaci\u00f3 a la que es pot accedir, aix\u00ed com dels perjudicis que pogu\u00e9s patir l\u2019usuari derivats de la informaci\u00f3 que trobi al web enlla\u00e7at.<\/p>\n<h2>OBSERVACIONS DE L\u2019USUARI<\/h2>\n<p>L\u2019usuari garanteix que la informaci\u00f3, el material, els continguts o les observacions que no siguin les seves dades personals pr\u00f2pies i que se li facilitin a Produccions amb \u00c0nima, S.L. a trav\u00e9s del web no infringeixen els drets de propietat intel\u00b7lectual o industrial de tercers ni cap altra disposici\u00f3 legal.<\/p>\n<p>La informaci\u00f3, els materials, els continguts o les observacions que l\u2019usuari faciliti a Produccions amb \u00c0nima, S.L. es consideraran no confidencials i Produccions amb \u00c0nima, S.L. es reservar\u00e0 el dret d\u2019utilitzar-les de la manera que consideri m\u00e9s adequada.<\/p>\n<h2>MODIFICACIONS DE LES CONDICIONS D\u2019\u00daS<\/h2>\n<p>Produccions amb \u00c0nima, S.L. es reserva el dret a modificar, desenvolupar o actualitzar en qualsevol moment i sense notificaci\u00f3 pr\u00e8via, les condicions d\u2019\u00fas del present web. L\u2019usuari quedar\u00e0 autom\u00e0ticament obligat per les condicions d\u2019\u00fas que siguin vigents en el moment en qu\u00e8 accedeixi al web, per la qual cosa haur\u00e0 de llegir peri\u00f2dicament les dites condicions d\u2019\u00fas.<\/p>\n<h2>LEGISLACI\u00d3 APLICABLE I COMPET\u00c8NCIA JURISDICCIONAL<\/h2>\n<p>Totes les controv\u00e8rsies o reclamacions sorgides de la interpretaci\u00f3 o de l\u2019execuci\u00f3 del present av\u00eds legal es regiran per la legislaci\u00f3 espanyola i es sotmetran a la jurisdicci\u00f3 dels jutjats i tribunals de Barcelona.<\/p>\n","protected":false},"excerpt":{"rendered":"<p>IDENTITAT DEL TITULAR DEL WEB La identitat i la resta d\u2019informaci\u00f3 sobre la companyia titular del web s\u2019estableix a l\u2019apartat \u00abDades informatives\u00bb accessible des de la p\u00e0gina d\u2019inici d\u2019aquest web. D\u2019ara endavant es far\u00e0 refer\u00e8ncia a Produccions amb \u00c0nima, S.L. per a designar a la companyia titular del web. Produccions amb \u00c0nima, S.L., societat espanyola, [&hellip;]<\/p>\n","protected":false},"author":1,"featured_media":0,"parent":0,"menu_order":0,"comment_status":"closed","ping_status":"closed","template":"","meta":{"_acf_changed":false,"footnotes":""},"class_list":["post-11","page","type-page","status-publish","hentry"],"acf":[],"yoast_head":"<!-- This site is optimized with the Yoast SEO plugin v27.0 - https:\/\/yoast.com\/product\/yoast-seo-wordpress\/ -->\n<title>Av\u00eds legal - \u00c0nima El Musical<\/title>\n<meta name=\"robots\" content=\"noindex, nofollow\" \/>\n<meta property=\"og:locale\" content=\"ca_ES\" \/>\n<meta property=\"og:type\" content=\"article\" \/>\n<meta property=\"og:title\" content=\"Av\u00eds legal - \u00c0nima El Musical\" \/>\n<meta property=\"og:description\" content=\"IDENTITAT DEL TITULAR DEL WEB La identitat i la resta d\u2019informaci\u00f3 sobre la companyia titular del web s\u2019estableix a l\u2019apartat \u00abDades informatives\u00bb accessible des de la p\u00e0gina d\u2019inici d\u2019aquest web. D\u2019ara endavant es far\u00e0 refer\u00e8ncia a Produccions amb \u00c0nima, S.L. per a designar a la companyia titular del web. Produccions amb \u00c0nima, S.L., societat espanyola, [&hellip;]\" \/>\n<meta property=\"og:url\" content=\"https:\/\/labs.100x100.net\/projects\/anima\/avis-legal\/\" \/>\n<meta property=\"og:site_name\" content=\"\u00c0nima El Musical\" \/>\n<meta property=\"article:modified_time\" content=\"2026-03-05T13:33:13+00:00\" \/>\n<meta name=\"twitter:card\" content=\"summary_large_image\" \/>\n<meta name=\"twitter:label1\" content=\"Temps estimat de lectura\" \/>\n\t<meta name=\"twitter:data1\" content=\"9 minuts\" \/>\n<script type=\"application\/ld+json\" class=\"yoast-schema-graph\">{\"@context\":\"https:\/\/schema.org\",\"@graph\":[{\"@type\":\"WebPage\",\"@id\":\"https:\/\/labs.100x100.net\/projects\/anima\/avis-legal\/\",\"url\":\"https:\/\/labs.100x100.net\/projects\/anima\/avis-legal\/\",\"name\":\"Av\u00eds legal - \u00c0nima El Musical\",\"isPartOf\":{\"@id\":\"https:\/\/labs.100x100.net\/projects\/anima\/#website\"},\"datePublished\":\"2026-03-03T15:54:01+00:00\",\"dateModified\":\"2026-03-05T13:33:13+00:00\",\"breadcrumb\":{\"@id\":\"https:\/\/labs.100x100.net\/projects\/anima\/avis-legal\/#breadcrumb\"},\"inLanguage\":\"ca\",\"potentialAction\":[{\"@type\":\"ReadAction\",\"target\":[\"https:\/\/labs.100x100.net\/projects\/anima\/avis-legal\/\"]}]},{\"@type\":\"BreadcrumbList\",\"@id\":\"https:\/\/labs.100x100.net\/projects\/anima\/avis-legal\/#breadcrumb\",\"itemListElement\":[{\"@type\":\"ListItem\",\"position\":1,\"name\":\"Inici\",\"item\":\"https:\/\/labs.100x100.net\/projects\/anima\/\"},{\"@type\":\"ListItem\",\"position\":2,\"name\":\"Av\u00eds legal\"}]},{\"@type\":\"WebSite\",\"@id\":\"https:\/\/labs.100x100.net\/projects\/anima\/#website\",\"url\":\"https:\/\/labs.100x100.net\/projects\/anima\/\",\"name\":\"\u00c0nima El Musical\",\"description\":\"\",\"potentialAction\":[{\"@type\":\"SearchAction\",\"target\":{\"@type\":\"EntryPoint\",\"urlTemplate\":\"https:\/\/labs.100x100.net\/projects\/anima\/?s={search_term_string}\"},\"query-input\":{\"@type\":\"PropertyValueSpecification\",\"valueRequired\":true,\"valueName\":\"search_term_string\"}}],\"inLanguage\":\"ca\"}]}<\/script>\n<!-- \/ Yoast SEO plugin. -->","yoast_head_json":{"title":"Av\u00eds legal - \u00c0nima El Musical","robots":{"index":"noindex","follow":"nofollow"},"og_locale":"ca_ES","og_type":"article","og_title":"Av\u00eds legal - \u00c0nima El Musical","og_description":"IDENTITAT DEL TITULAR DEL WEB La identitat i la resta d\u2019informaci\u00f3 sobre la companyia titular del web s\u2019estableix a l\u2019apartat \u00abDades informatives\u00bb accessible des de la p\u00e0gina d\u2019inici d\u2019aquest web. D\u2019ara endavant es far\u00e0 refer\u00e8ncia a Produccions amb \u00c0nima, S.L. per a designar a la companyia titular del web. Produccions amb \u00c0nima, S.L., societat espanyola, [&hellip;]","og_url":"https:\/\/labs.100x100.net\/projects\/anima\/avis-legal\/","og_site_name":"\u00c0nima El Musical","article_modified_time":"2026-03-05T13:33:13+00:00","twitter_card":"summary_large_image","twitter_misc":{"Temps estimat de lectura":"9 minuts"},"schema":{"@context":"https:\/\/schema.org","@graph":[{"@type":"WebPage","@id":"https:\/\/labs.100x100.net\/projects\/anima\/avis-legal\/","url":"https:\/\/labs.100x100.net\/projects\/anima\/avis-legal\/","name":"Av\u00eds legal - \u00c0nima El Musical","isPartOf":{"@id":"https:\/\/labs.100x100.net\/projects\/anima\/#website"},"datePublished":"2026-03-03T15:54:01+00:00","dateModified":"2026-03-05T13:33:13+00:00","breadcrumb":{"@id":"https:\/\/labs.100x100.net\/projects\/anima\/avis-legal\/#breadcrumb"},"inLanguage":"ca","potentialAction":[{"@type":"ReadAction","target":["https:\/\/labs.100x100.net\/projects\/anima\/avis-legal\/"]}]},{"@type":"BreadcrumbList","@id":"https:\/\/labs.100x100.net\/projects\/anima\/avis-legal\/#breadcrumb","itemListElement":[{"@type":"ListItem","position":1,"name":"Inici","item":"https:\/\/labs.100x100.net\/projects\/anima\/"},{"@type":"ListItem","position":2,"name":"Av\u00eds legal"}]},{"@type":"WebSite","@id":"https:\/\/labs.100x100.net\/projects\/anima\/#website","url":"https:\/\/labs.100x100.net\/projects\/anima\/","name":"\u00c0nima El Musical","description":"","potentialAction":[{"@type":"SearchAction","target":{"@type":"EntryPoint","urlTemplate":"https:\/\/labs.100x100.net\/projects\/anima\/?s={search_term_string}"},"query-input":{"@type":"PropertyValueSpecification","valueRequired":true,"valueName":"search_term_string"}}],"inLanguage":"ca"}]}},"_links":{"self":[{"href":"https:\/\/labs.100x100.net\/projects\/anima\/wp-json\/wp\/v2\/pages\/11","targetHints":{"allow":["GET"]}}],"collection":[{"href":"https:\/\/labs.100x100.net\/projects\/anima\/wp-json\/wp\/v2\/pages"}],"about":[{"href":"https:\/\/labs.100x100.net\/projects\/anima\/wp-json\/wp\/v2\/types\/page"}],"author":[{"embeddable":true,"href":"https:\/\/labs.100x100.net\/projects\/anima\/wp-json\/wp\/v2\/users\/1"}],"replies":[{"embeddable":true,"href":"https:\/\/labs.100x100.net\/projects\/anima\/wp-json\/wp\/v2\/comments?post=11"}],"version-history":[{"count":2,"href":"https:\/\/labs.100x100.net\/projects\/anima\/wp-json\/wp\/v2\/pages\/11\/revisions"}],"predecessor-version":[{"id":15,"href":"https:\/\/labs.100x100.net\/projects\/anima\/wp-json\/wp\/v2\/pages\/11\/revisions\/15"}],"wp:attachment":[{"href":"https:\/\/labs.100x100.net\/projects\/anima\/wp-json\/wp\/v2\/media?parent=11"}],"curies":[{"name":"wp","href":"https:\/\/api.w.org\/{rel}","templated":true}]}}